CRAN Package Check Results for Package rvmethod

Last updated on 2025-01-19 05:49:19 CET.

Flavor Version Tinstall Tcheck Ttotal Status Flags
r-devel-linux-x86_64-debian-clang 0.1.2 2.12 33.28 35.40 NOTE
r-devel-linux-x86_64-debian-gcc 0.1.2 2.41 23.43 25.84 NOTE
r-devel-linux-x86_64-fedora-clang 0.1.2 57.50 NOTE
r-devel-linux-x86_64-fedora-gcc 0.1.2 55.85 NOTE
r-devel-windows-x86_64 0.1.2 5.00 54.00 59.00 NOTE
r-patched-linux-x86_64 0.1.2 3.44 31.03 34.47 NOTE
r-release-linux-x86_64 0.1.2 2.43 30.67 33.10 NOTE
r-release-macos-arm64 0.1.2 21.00 NOTE
r-release-macos-x86_64 0.1.2 29.00 NOTE
r-release-windows-x86_64 0.1.2 5.00 56.00 61.00 NOTE
r-oldrel-macos-arm64 0.1.2 20.00 NOTE
r-oldrel-macos-x86_64 0.1.2 30.00 NOTE
r-oldrel-windows-x86_64 0.1.2 6.00 55.00 61.00 NOTE

Check Details

Version: 0.1.2
Check: package subdirectories
Result: NOTE Problems with news in ‘NEWS.md’: No news entries found. Flavors: r-devel-linux-x86_64-debian-clang, r-devel-linux-x86_64-debian-gcc, r-devel-linux-x86_64-fedora-clang, r-devel-linux-x86_64-fedora-gcc, r-devel-windows-x86_64, r-patched-linux-x86_64, r-release-linux-x86_64, r-release-macos-arm64, r-release-macos-x86_64, r-release-windows-x86_64, r-oldrel-macos-arm64, r-oldrel-macos-x86_64, r-oldrel-windows-x86_64