CRAN Package Check Results for Package rwa

Last updated on 2025-01-19 05:49:19 CET.

Flavor Version Tinstall Tcheck Ttotal Status Flags
r-devel-linux-x86_64-debian-clang 0.0.3 4.60 37.56 42.16 OK
r-devel-linux-x86_64-debian-gcc 0.0.3 3.38 28.55 31.93 OK
r-devel-linux-x86_64-fedora-clang 0.0.3 69.21 OK
r-devel-linux-x86_64-fedora-gcc 0.0.3 63.49 OK
r-devel-windows-x86_64 0.0.3 7.00 55.00 62.00 OK
r-patched-linux-x86_64 0.0.3 4.68 34.66 39.34 NOTE
r-release-linux-x86_64 0.0.3 4.36 35.02 39.38 NOTE
r-release-macos-arm64 0.0.3 24.00 NOTE
r-release-macos-x86_64 0.0.3 55.00 NOTE
r-release-windows-x86_64 0.0.3 7.00 57.00 64.00 NOTE
r-oldrel-macos-arm64 0.0.3 26.00 NOTE
r-oldrel-macos-x86_64 0.0.3 33.00 NOTE
r-oldrel-windows-x86_64 0.0.3 5.00 57.00 62.00 NOTE

Check Details

Version: 0.0.3
Check: LazyData
Result: NOTE 'LazyData' is specified without a 'data' directory Flavors: r-patched-linux-x86_64, r-release-linux-x86_64, r-release-macos-arm64, r-release-macos-x86_64, r-release-windows-x86_64, r-oldrel-macos-arm64, r-oldrel-macos-x86_64, r-oldrel-windows-x86_64