CRAN Package Check Results for Package rwavelet

Last updated on 2025-01-19 05:49:19 CET.

Flavor Version Tinstall Tcheck Ttotal Status Flags
r-devel-linux-x86_64-debian-clang 0.4.1 5.26 61.07 66.33 NOTE
r-devel-linux-x86_64-debian-gcc 0.4.1 3.40 43.77 47.17 NOTE
r-devel-linux-x86_64-fedora-clang 0.4.1 108.25 NOTE
r-devel-linux-x86_64-fedora-gcc 0.4.1 118.65 NOTE
r-devel-windows-x86_64 0.4.1 7.00 78.00 85.00 NOTE
r-patched-linux-x86_64 0.4.1 5.84 58.54 64.38 NOTE
r-release-linux-x86_64 0.4.1 4.72 58.63 63.35 NOTE
r-release-macos-arm64 0.4.1 33.00 NOTE
r-release-macos-x86_64 0.4.1 51.00 NOTE
r-release-windows-x86_64 0.4.1 6.00 84.00 90.00 NOTE
r-oldrel-macos-arm64 0.4.1 33.00 OK
r-oldrel-macos-x86_64 0.4.1 52.00 OK
r-oldrel-windows-x86_64 0.4.1 7.00 82.00 89.00 OK

Check Details

Version: 0.4.1
Check: Rd files
Result: NOTE checkRd: (-1) HardThresh.Rd:15: Lost braces; missing escapes or markup? 15 | \code{x} filtered result (y 1_{|y|>t}). | ^ checkRd: (-1) SoftThresh.Rd:15: Lost braces; missing escapes or markup? 15 | \code{x} filtered result (y 1_{|y|>t}). | ^ Flavors: r-devel-linux-x86_64-debian-clang, r-devel-linux-x86_64-debian-gcc, r-devel-linux-x86_64-fedora-clang, r-devel-linux-x86_64-fedora-gcc, r-devel-windows-x86_64, r-patched-linux-x86_64, r-release-linux-x86_64, r-release-macos-arm64, r-release-macos-x86_64, r-release-windows-x86_64