Last updated on 2025-01-19 05:49:19 CET.
Flavor | Version | Tinstall | Tcheck | Ttotal | Status | Flags |
---|---|---|---|---|---|---|
r-devel-linux-x86_64-debian-clang | 2.0.13 | 395.45 | 27.12 | 422.57 | OK | |
r-devel-linux-x86_64-debian-gcc | 2.0.13 | 364.21 | 93.85 | 458.06 | OK | |
r-devel-linux-x86_64-fedora-clang | 2.0.13 | 863.89 | OK | |||
r-devel-linux-x86_64-fedora-gcc | 2.0.13 | 1157.21 | OK | |||
r-devel-windows-x86_64 | 2.0.13 | 484.00 | 100.00 | 584.00 | OK | |
r-patched-linux-x86_64 | 2.0.13 | 493.59 | 117.38 | 610.97 | OK | |
r-release-linux-x86_64 | 2.0.13 | 501.59 | 116.19 | 617.78 | OK | |
r-release-macos-arm64 | 2.0.13 | 151.00 | NOTE | |||
r-release-macos-x86_64 | 2.0.13 | 149.00 | NOTE | |||
r-release-windows-x86_64 | 2.0.13 | 481.00 | 91.00 | 572.00 | OK | |
r-oldrel-macos-arm64 | 2.0.13 | 151.00 | NOTE | |||
r-oldrel-macos-x86_64 | 2.0.13 | 156.00 | NOTE | |||
r-oldrel-windows-x86_64 | 2.0.13 | 540.00 | 108.00 | 648.00 | OK |
Version: 2.0.13
Check: installed package size
Result: NOTE
installed size is 14.3Mb
sub-directories of 1Mb or more:
libs 14.1Mb
Flavors: r-release-macos-arm64, r-release-macos-x86_64, r-oldrel-macos-arm64, r-oldrel-macos-x86_64