CRAN Package Check Results for Package rzeit2

Last updated on 2019-10-14 12:48:07 CEST.

Flavor Version Tinstall Tcheck Ttotal Status Flags
r-devel-linux-x86_64-debian-clang 0.2.3 3.20 34.67 37.87 OK
r-devel-linux-x86_64-debian-gcc 0.2.3 2.66 28.74 31.40 OK
r-devel-linux-x86_64-fedora-clang 0.2.3 48.49 NOTE
r-devel-linux-x86_64-fedora-gcc 0.2.3 45.83 NOTE
r-devel-windows-ix86+x86_64 0.2.3 9.00 68.00 77.00 OK
r-patched-linux-x86_64 0.2.3 3.01 34.62 37.63 OK
r-patched-solaris-x86 0.2.3 85.70 NOTE
r-release-linux-x86_64 0.2.3 2.55 34.26 36.81 OK
r-release-windows-ix86+x86_64 0.2.3 15.00 52.00 67.00 OK
r-release-osx-x86_64 0.2.3 NOTE
r-oldrel-windows-ix86+x86_64 0.2.3 5.00 50.00 55.00 OK
r-oldrel-osx-x86_64 0.2.3 NOTE

Check Details

Version: 0.2.3
Check: data for non-ASCII characters
Result: NOTE
     Note: found 841 marked UTF-8 strings
Flavors: r-devel-linux-x86_64-fedora-clang, r-devel-linux-x86_64-fedora-gcc, r-patched-solaris-x86, r-release-osx-x86_64, r-oldrel-osx-x86_64