Last updated on 2025-01-19 05:49:19 CET.
Flavor | Version | Tinstall | Tcheck | Ttotal | Status | Flags |
---|---|---|---|---|---|---|
r-devel-linux-x86_64-debian-clang | 1.1.7 | 509.19 | 67.52 | 576.71 | NOTE | |
r-devel-linux-x86_64-debian-gcc | 1.1.7 | 389.14 | 41.49 | 430.63 | NOTE | |
r-devel-linux-x86_64-fedora-clang | 1.1.7 | 1296.26 | NOTE | |||
r-devel-linux-x86_64-fedora-gcc | 1.1.7 | 1296.87 | NOTE | |||
r-devel-windows-x86_64 | 1.1.7 | 654.00 | 155.00 | 809.00 | NOTE | |
r-patched-linux-x86_64 | 1.1.7 | 550.79 | 54.28 | 605.07 | NOTE | |
r-release-linux-x86_64 | 1.1.7 | 553.26 | 54.13 | 607.39 | NOTE | |
r-release-macos-arm64 | 1.1.7 | 216.00 | NOTE | |||
r-release-macos-x86_64 | 1.1.7 | 283.00 | NOTE | |||
r-release-windows-x86_64 | 1.1.7 | 650.00 | 159.00 | 809.00 | NOTE | |
r-oldrel-macos-arm64 | 1.1.7 | 226.00 | NOTE | |||
r-oldrel-macos-x86_64 | 1.1.7 | 207.00 | NOTE | |||
r-oldrel-windows-x86_64 | 1.1.7 | 709.00 | 193.00 | 902.00 | NOTE |
Version: 1.1.7
Check: C++ specification
Result: NOTE
Specified C++14: please drop specification unless essential
Flavors: r-devel-linux-x86_64-debian-clang, r-devel-linux-x86_64-debian-gcc, r-devel-linux-x86_64-fedora-clang, r-devel-linux-x86_64-fedora-gcc, r-devel-windows-x86_64, r-patched-linux-x86_64, r-release-linux-x86_64, r-release-macos-arm64, r-release-macos-x86_64, r-release-windows-x86_64, r-oldrel-macos-arm64, r-oldrel-macos-x86_64, r-oldrel-windows-x86_64
Version: 1.1.7
Check: installed package size
Result: NOTE
installed size is 36.5Mb
sub-directories of 1Mb or more:
libs 35.4Mb
Flavors: r-release-macos-arm64, r-release-macos-x86_64, r-release-windows-x86_64, r-oldrel-macos-arm64, r-oldrel-macos-x86_64, r-oldrel-windows-x86_64