Last updated on 2025-01-19 05:49:19 CET.
Flavor | Version | Tinstall | Tcheck | Ttotal | Status | Flags |
---|---|---|---|---|---|---|
r-devel-linux-x86_64-debian-clang | 3.1-40 | 4.71 | 48.09 | 52.80 | NOTE | |
r-devel-linux-x86_64-debian-gcc | 3.1-40 | 3.98 | 35.83 | 39.81 | NOTE | |
r-devel-linux-x86_64-fedora-clang | 3.1-40 | 87.55 | NOTE | |||
r-devel-linux-x86_64-fedora-gcc | 3.1-40 | 87.11 | NOTE | |||
r-devel-windows-x86_64 | 3.1-40 | 9.00 | 78.00 | 87.00 | NOTE | |
r-patched-linux-x86_64 | 3.1-40 | 6.71 | 45.56 | 52.27 | NOTE | |
r-release-linux-x86_64 | 3.1-40 | 4.89 | 45.59 | 50.48 | NOTE | |
r-release-macos-arm64 | 3.1-40 | 27.00 | NOTE | |||
r-release-macos-x86_64 | 3.1-40 | 43.00 | NOTE | |||
r-release-windows-x86_64 | 3.1-40 | 10.00 | 83.00 | 93.00 | NOTE | |
r-oldrel-macos-arm64 | 3.1-40 | 32.00 | OK | |||
r-oldrel-macos-x86_64 | 3.1-40 | 52.00 | OK | |||
r-oldrel-windows-x86_64 | 3.1-40 | 10.00 | 86.00 | 96.00 | OK |
Version: 3.1-40
Check: Rd files
Result: NOTE
checkRd: (-1) ciReg.Rd:10: Lost braces
10 | \item{fit}{an object of class{lm}, i.e. the output from \code{\link{lm}}.}
| ^
Flavors: r-devel-linux-x86_64-debian-clang, r-devel-linux-x86_64-debian-gcc, r-devel-linux-x86_64-fedora-clang, r-devel-linux-x86_64-fedora-gcc, r-devel-windows-x86_64, r-patched-linux-x86_64, r-release-linux-x86_64, r-release-macos-arm64, r-release-macos-x86_64, r-release-windows-x86_64