Last updated on 2025-01-19 05:49:23 CET.
Flavor | Version | Tinstall | Tcheck | Ttotal | Status | Flags |
---|---|---|---|---|---|---|
r-devel-linux-x86_64-debian-clang | 0.1.6 | 5.55 | 96.42 | 101.97 | NOTE | |
r-devel-linux-x86_64-debian-gcc | 0.1.6 | 4.34 | 68.91 | 73.25 | NOTE | |
r-devel-linux-x86_64-fedora-clang | 0.1.6 | 163.34 | OK | |||
r-devel-linux-x86_64-fedora-gcc | 0.1.6 | 172.30 | OK | |||
r-devel-windows-x86_64 | 0.1.6 | 9.00 | 129.00 | 138.00 | NOTE | |
r-patched-linux-x86_64 | 0.1.6 | 9.26 | 94.13 | 103.39 | OK | |
r-release-linux-x86_64 | 0.1.6 | 5.42 | 94.14 | 99.56 | OK | |
r-release-macos-arm64 | 0.1.6 | 58.00 | OK | |||
r-release-macos-x86_64 | 0.1.6 | 101.00 | OK | |||
r-release-windows-x86_64 | 0.1.6 | 7.00 | 121.00 | 128.00 | OK | |
r-oldrel-macos-arm64 | 0.1.6 | 63.00 | OK | |||
r-oldrel-macos-x86_64 | 0.1.6 | 110.00 | OK | |||
r-oldrel-windows-x86_64 | 0.1.6 | 8.00 | 144.00 | 152.00 | OK |
Version: 0.1.6
Check: Rd cross-references
Result: NOTE
Found the following Rd file(s) with Rd \link{} targets missing package
anchors:
plot.sValues.Rd: ggplot
Please provide package anchors for all Rd \link{} targets not in the
package itself and the base packages.
Flavors: r-devel-linux-x86_64-debian-clang, r-devel-linux-x86_64-debian-gcc, r-devel-windows-x86_64