Last updated on 2024-05-01 16:53:09 CEST.
Flavor | Version | Tinstall | Tcheck | Ttotal | Status | Flags |
---|---|---|---|---|---|---|
r-devel-linux-x86_64-debian-clang | 0.2.2 | 8.70 | 60.61 | 69.31 | OK | |
r-devel-linux-x86_64-debian-gcc | 0.2.2 | 7.89 | 45.21 | 53.10 | OK | |
r-devel-linux-x86_64-fedora-clang | 0.2.2 | 88.70 | NOTE | |||
r-devel-linux-x86_64-fedora-gcc | 0.2.2 | 98.84 | NOTE | |||
r-devel-windows-x86_64 | 0.2.2 | 9.00 | 65.00 | 74.00 | OK | |
r-patched-linux-x86_64 | 0.2.2 | 10.89 | 58.00 | 68.89 | OK | |
r-release-linux-x86_64 | 0.2.2 | 9.74 | 56.97 | 66.71 | OK | |
r-release-macos-arm64 | 0.2.2 | 30.00 | OK | |||
r-release-windows-x86_64 | 0.2.2 | 10.00 | 63.00 | 73.00 | OK | |
r-oldrel-macos-arm64 | 0.2.2 | 32.00 | OK | |||
r-oldrel-macos-x86_64 | 0.2.2 | 70.00 | OK | |||
r-oldrel-windows-x86_64 | 0.2.2 | 11.00 | 68.00 | 79.00 | OK |
Version: 0.2.2
Check: dependencies in R code
Result: NOTE
Namespaces in Imports field not imported from:
‘CARBayesdata’ ‘MASS’ ‘nimble’
All declared Imports should be used.
Flavors: r-devel-linux-x86_64-fedora-clang, r-devel-linux-x86_64-fedora-gcc