Last updated on 2025-01-19 05:49:20 CET.
Flavor | Version | Tinstall | Tcheck | Ttotal | Status | Flags |
---|---|---|---|---|---|---|
r-devel-linux-x86_64-debian-clang | 3.3 | 23.77 | 126.00 | 149.77 | NOTE | |
r-devel-linux-x86_64-debian-gcc | 3.3 | 13.95 | 80.64 | 94.59 | NOTE | |
r-devel-linux-x86_64-fedora-clang | 3.3 | 243.38 | OK | |||
r-devel-linux-x86_64-fedora-gcc | 3.3 | 224.03 | OK | |||
r-devel-windows-x86_64 | 3.3 | 25.00 | 144.00 | 169.00 | NOTE | |
r-patched-linux-x86_64 | 3.3 | 30.10 | 116.70 | 146.80 | OK | |
r-release-linux-x86_64 | 3.3 | 21.08 | 118.11 | 139.19 | OK | |
r-release-macos-arm64 | 3.3 | 63.00 | OK | |||
r-release-macos-x86_64 | 3.3 | 135.00 | OK | |||
r-release-windows-x86_64 | 3.3 | 27.00 | 140.00 | 167.00 | OK | |
r-oldrel-macos-arm64 | 3.3 | 66.00 | OK | |||
r-oldrel-macos-x86_64 | 3.3 | 137.00 | OK | |||
r-oldrel-windows-x86_64 | 3.3 | 28.00 | 169.00 | 197.00 | OK |
Version: 3.3
Check: Rd cross-references
Result: NOTE
Found the following Rd file(s) with Rd \link{} targets missing package
anchors:
npdeSaemix.Rd: npde, NpdeObject, npde.graphs, gof.test,
npde.plot.select, autonpde, npde.plot.scatterplot, npde.plot.dist
xbinning.Rd: npde, autonpde
Please provide package anchors for all Rd \link{} targets not in the
package itself and the base packages.
Flavors: r-devel-linux-x86_64-debian-clang, r-devel-linux-x86_64-debian-gcc, r-devel-windows-x86_64