Last updated on 2024-05-01 16:53:09 CEST.
Flavor | Version | Tinstall | Tcheck | Ttotal | Status | Flags |
---|---|---|---|---|---|---|
r-devel-linux-x86_64-debian-clang | 0.3.0 | 7.01 | 89.23 | 96.24 | NOTE | |
r-devel-linux-x86_64-debian-gcc | 0.3.0 | 7.36 | 64.68 | 72.04 | NOTE | |
r-devel-linux-x86_64-fedora-clang | 0.3.0 | 121.77 | NOTE | |||
r-devel-linux-x86_64-fedora-gcc | 0.3.0 | 64.97 | NOTE | |||
r-devel-windows-x86_64 | 0.3.0 | 8.00 | 84.00 | 92.00 | NOTE | |
r-patched-linux-x86_64 | 0.3.0 | 6.85 | 83.61 | 90.46 | NOTE | |
r-release-linux-x86_64 | 0.3.0 | 6.51 | 82.02 | 88.53 | NOTE | |
r-release-macos-arm64 | 0.3.0 | 39.00 | NOTE | |||
r-release-windows-x86_64 | 0.3.0 | 9.00 | 82.00 | 91.00 | NOTE | |
r-oldrel-macos-arm64 | 0.3.0 | 44.00 | OK | |||
r-oldrel-macos-x86_64 | 0.3.0 | 64.00 | OK | |||
r-oldrel-windows-x86_64 | 0.3.0 | 13.00 | 100.00 | 113.00 | OK |
Version: 0.3.0
Check: Rd files
Result: NOTE
checkRd: (-1) QT_Outlier_Explorer.Rd:24: Lost braces in \itemize; meant \describe ?
checkRd: (-1) QT_Outlier_Explorer.Rd:25: Lost braces in \itemize; meant \describe ?
checkRd: (-1) QT_Outlier_Explorer.Rd:26: Lost braces in \itemize; meant \describe ?
checkRd: (-1) QT_Outlier_Explorer.Rd:27: Lost braces in \itemize; meant \describe ?
checkRd: (-1) QT_Outlier_Explorer.Rd:28: Lost braces in \itemize; meant \describe ?
checkRd: (-1) QT_Outlier_Explorer.Rd:29: Lost braces in \itemize; meant \describe ?
checkRd: (-1) QT_Outlier_Explorer.Rd:30: Lost braces in \itemize; meant \describe ?
checkRd: (-1) QT_Outlier_Explorer.Rd:31: Lost braces in \itemize; meant \describe ?
checkRd: (-1) safety_outlier_explorer.Rd:24: Lost braces in \itemize; meant \describe ?
checkRd: (-1) safety_outlier_explorer.Rd:25: Lost braces in \itemize; meant \describe ?
checkRd: (-1) safety_outlier_explorer.Rd:26: Lost braces in \itemize; meant \describe ?
checkRd: (-1) safety_outlier_explorer.Rd:27: Lost braces in \itemize; meant \describe ?
checkRd: (-1) safety_outlier_explorer.Rd:28: Lost braces in \itemize; meant \describe ?
checkRd: (-1) safety_results_over_time.Rd:24: Lost braces in \itemize; meant \describe ?
checkRd: (-1) safety_results_over_time.Rd:25: Lost braces in \itemize; meant \describe ?
checkRd: (-1) safety_results_over_time.Rd:26: Lost braces in \itemize; meant \describe ?
checkRd: (-1) safety_results_over_time.Rd:27: Lost braces in \itemize; meant \describe ?
checkRd: (-1) safety_results_over_time.Rd:28: Lost braces in \itemize; meant \describe ?
checkRd: (-1) safety_results_over_time.Rd:29: Lost braces in \itemize; meant \describe ?
checkRd: (-1) safety_results_over_time.Rd:30: Lost braces in \itemize; meant \describe ?
checkRd: (-1) safety_results_over_time.Rd:31: Lost braces in \itemize; meant \describe ?
checkRd: (-1) safety_results_over_time.Rd:32: Lost braces in \itemize; meant \describe ?
checkRd: (-1) safety_results_over_time.Rd:33: Lost braces in \itemize; meant \describe ?
checkRd: (-1) tendril_chart.Rd:18: Lost braces
18 | Create a plot using the {{Tendril}} package
| ^
checkRd: (-1) tendril_chart.Rd:24: Lost braces in \itemize; meant \describe ?
checkRd: (-1) tendril_chart.Rd:25: Lost braces in \itemize; meant \describe ?
checkRd: (-1) tendril_chart.Rd:26: Lost braces in \itemize; meant \describe ?
checkRd: (-1) tendril_chart.Rd:27: Lost braces in \itemize; meant \describe ?
checkRd: (-1) tendril_chart.Rd:28: Lost braces in \itemize; meant \describe ?
checkRd: (-1) tendril_chart.Rd:29: Lost braces in \itemize; meant \describe ?
checkRd: (-1) tendril_chart.Rd:30: Lost braces in \itemize; meant \describe ?
Flavors: r-devel-linux-x86_64-debian-clang, r-devel-linux-x86_64-debian-gcc, r-devel-linux-x86_64-fedora-clang, r-devel-linux-x86_64-fedora-gcc, r-devel-windows-x86_64, r-patched-linux-x86_64, r-release-linux-x86_64, r-release-macos-arm64, r-release-windows-x86_64