Last updated on 2024-04-21 13:55:45 CEST.
Flavor | Version | Tinstall | Tcheck | Ttotal | Status | Flags |
---|---|---|---|---|---|---|
r-devel-linux-x86_64-debian-clang | 1.0.1 | 27.62 | 222.26 | 249.88 | NOTE | |
r-devel-linux-x86_64-debian-gcc | 1.0.1 | 16.14 | 160.59 | 176.73 | NOTE | |
r-devel-linux-x86_64-fedora-clang | 1.0.1 | 302.38 | NOTE | |||
r-devel-linux-x86_64-fedora-gcc | 1.0.1 | 305.19 | NOTE | |||
r-prerel-macos-arm64 | 1.0.1 | 94.00 | NOTE | |||
r-prerel-windows-x86_64 | 1.0.1 | 27.00 | 246.00 | 273.00 | NOTE | |
r-patched-linux-x86_64 | 1.0.1 | 31.85 | 211.14 | 242.99 | NOTE | |
r-release-linux-x86_64 | 1.0.1 | 14.22 | 190.25 | 204.47 | OK | |
r-release-macos-arm64 | 1.0.1 | 80.00 | OK | |||
r-release-macos-x86_64 | 1.0.1 | 131.00 | OK | |||
r-release-windows-x86_64 | 1.0.1 | 28.00 | 242.00 | 270.00 | OK | |
r-oldrel-macos-arm64 | 1.0.1 | 65.00 | OK | |||
r-oldrel-windows-x86_64 | 1.0.1 | 29.00 | 181.00 | 210.00 | OK |
Version: 1.0.1
Check: Rd files
Result: NOTE
checkRd: (-1) sf_get_all_jobs_bulk.Rd:42-43: Lost braces in \itemize; meant \describe ?
checkRd: (-1) sf_get_all_jobs_bulk.Rd:44-46: Lost braces in \itemize; meant \describe ?
checkRd: (-1) sf_get_all_query_jobs_bulk.Rd:43-44: Lost braces in \itemize; meant \describe ?
checkRd: (-1) sf_get_all_query_jobs_bulk.Rd:45-47: Lost braces in \itemize; meant \describe ?
checkRd: (-1) sf_get_all_query_jobs_bulk.Rd:48-50: Lost braces in \itemize; meant \describe ?
checkRd: (-1) valid_metadata_list.Rd:10: Lost braces
10 | code{list}; contains name and valid inputs for data types
| ^
Flavors: r-devel-linux-x86_64-debian-clang, r-devel-linux-x86_64-debian-gcc, r-devel-linux-x86_64-fedora-clang, r-devel-linux-x86_64-fedora-gcc, r-prerel-macos-arm64, r-prerel-windows-x86_64, r-patched-linux-x86_64