Last updated on 2025-01-19 05:49:20 CET.
Flavor | Version | Tinstall | Tcheck | Ttotal | Status | Flags |
---|---|---|---|---|---|---|
r-devel-linux-x86_64-debian-clang | 0.3.42 | 173.46 | 33.62 | 207.08 | OK | |
r-devel-linux-x86_64-debian-gcc | 0.3.42 | 136.78 | 23.25 | 160.03 | OK | |
r-devel-linux-x86_64-fedora-clang | 0.3.42 | 404.19 | OK | |||
r-devel-linux-x86_64-fedora-gcc | 0.3.42 | 407.77 | OK | |||
r-devel-windows-x86_64 | 0.3.42 | 139.00 | 61.00 | 200.00 | OK | |
r-patched-linux-x86_64 | 0.3.42 | 170.11 | 32.18 | 202.29 | OK | |
r-release-linux-x86_64 | 0.3.42 | 167.11 | 32.16 | 199.27 | OK | |
r-release-macos-arm64 | 0.3.42 | 79.00 | NOTE | |||
r-release-macos-x86_64 | 0.3.42 | 195.00 | NOTE | |||
r-release-windows-x86_64 | 0.3.42 | 142.00 | 65.00 | 207.00 | OK | |
r-oldrel-macos-arm64 | 0.3.42 | 81.00 | NOTE | |||
r-oldrel-macos-x86_64 | 0.3.42 | 216.00 | NOTE | |||
r-oldrel-windows-x86_64 | 0.3.42 | 126.00 | 75.00 | 201.00 | OK |
Version: 0.3.42
Check: installed package size
Result: NOTE
installed size is 8.5Mb
sub-directories of 1Mb or more:
libs 8.2Mb
Flavors: r-release-macos-arm64, r-release-macos-x86_64, r-oldrel-macos-arm64, r-oldrel-macos-x86_64