Last updated on 2024-05-01 16:53:09 CEST.
Flavor | Version | Tinstall | Tcheck | Ttotal | Status | Flags |
---|---|---|---|---|---|---|
r-devel-linux-x86_64-debian-clang | 0.3.35 | 135.04 | 42.86 | 177.90 | OK | |
r-devel-linux-x86_64-debian-gcc | 0.3.35 | 103.81 | 32.96 | 136.77 | OK | |
r-devel-linux-x86_64-fedora-clang | 0.3.35 | 243.60 | OK | |||
r-devel-linux-x86_64-fedora-gcc | 0.3.35 | 241.98 | OK | |||
r-devel-windows-x86_64 | 0.3.35 | 77.00 | 68.00 | 145.00 | OK | |
r-patched-linux-x86_64 | 0.3.35 | 135.36 | 41.08 | 176.44 | OK | |
r-release-linux-x86_64 | 0.3.35 | 135.67 | 42.49 | 178.16 | OK | |
r-release-macos-arm64 | 0.3.35 | 55.00 | NOTE | |||
r-release-windows-x86_64 | 0.3.35 | 84.00 | 72.00 | 156.00 | OK | |
r-oldrel-macos-arm64 | 0.3.35 | 64.00 | NOTE | |||
r-oldrel-macos-x86_64 | 0.3.35 | 132.00 | NOTE | |||
r-oldrel-windows-x86_64 | 0.3.35 | 88.00 | 94.00 | 182.00 | OK |
Version: 0.3.35
Check: installed package size
Result: NOTE
installed size is 7.6Mb
sub-directories of 1Mb or more:
libs 7.3Mb
Flavors: r-release-macos-arm64, r-oldrel-macos-arm64, r-oldrel-macos-x86_64