CRAN Package Check Results for Package samc

Last updated on 2020-10-30 11:50:56 CET.

Flavor Version Tinstall Tcheck Ttotal Status Flags
r-devel-linux-x86_64-debian-clang 1.2.0 164.88 242.24 407.12 OK
r-devel-linux-x86_64-debian-gcc 1.2.0 123.51 186.62 310.13 OK
r-devel-linux-x86_64-fedora-clang 1.2.0 524.66 NOTE
r-devel-linux-x86_64-fedora-gcc 1.2.0 524.42 OK
r-devel-windows-ix86+x86_64 1.2.0 323.00 283.00 606.00 NOTE
r-patched-linux-x86_64 1.2.0 154.20 229.51 383.71 OK
r-patched-solaris-x86 1.2.0 502.80 NOTE
r-release-linux-x86_64 1.2.0 152.57 233.04 385.61 OK
r-release-macos-x86_64 1.2.0 NOTE
r-release-windows-ix86+x86_64 1.2.0 244.00 370.00 614.00 NOTE
r-oldrel-macos-x86_64 1.2.0 NOTE
r-oldrel-windows-ix86+x86_64 1.2.0 282.00 327.00 609.00 NOTE

Check Details

Version: 1.2.0
Check: installed package size
Result: NOTE
     installed size is 18.8Mb
     sub-directories of 1Mb or more:
     doc 2.9Mb
     libs 15.2Mb
Flavors: r-devel-linux-x86_64-fedora-clang, r-devel-windows-ix86+x86_64, r-release-macos-x86_64, r-release-windows-ix86+x86_64, r-oldrel-macos-x86_64, r-oldrel-windows-ix86+x86_64

Version: 1.2.0
Check: package dependencies
Result: NOTE
    Package suggested but not available for checking: ‘gifski’
Flavor: r-patched-solaris-x86