Last updated on 2025-01-19 05:49:20 CET.
Flavor | Version | Tinstall | Tcheck | Ttotal | Status | Flags |
---|---|---|---|---|---|---|
r-devel-linux-x86_64-debian-clang | 4.0.0 | 148.16 | 376.38 | 524.54 | OK | |
r-devel-linux-x86_64-debian-gcc | 4.0.0 | 115.99 | 256.93 | 372.92 | OK | |
r-devel-linux-x86_64-fedora-clang | 4.0.0 | 879.32 | OK | |||
r-devel-linux-x86_64-fedora-gcc | 4.0.0 | 985.86 | OK | |||
r-devel-windows-x86_64 | 4.0.0 | 145.00 | 323.00 | 468.00 | OK | |
r-patched-linux-x86_64 | 4.0.0 | 159.81 | 369.24 | 529.05 | OK | |
r-release-linux-x86_64 | 4.0.0 | 160.67 | 361.02 | 521.69 | OK | |
r-release-macos-arm64 | 4.0.0 | 213.00 | NOTE | |||
r-release-macos-x86_64 | 4.0.0 | 335.00 | NOTE | |||
r-release-windows-x86_64 | 4.0.0 | 142.00 | 324.00 | 466.00 | OK | |
r-oldrel-macos-arm64 | 4.0.0 | 213.00 | NOTE | |||
r-oldrel-macos-x86_64 | 4.0.0 | 303.00 | NOTE | |||
r-oldrel-windows-x86_64 | 4.0.0 | 159.00 | 443.00 | 602.00 | OK |
Version: 4.0.0
Check: installed package size
Result: NOTE
installed size is 16.6Mb
sub-directories of 1Mb or more:
libs 15.5Mb
Flavors: r-release-macos-arm64, r-release-macos-x86_64, r-oldrel-macos-arm64, r-oldrel-macos-x86_64