CRAN Package Check Results for Package sandbox

Last updated on 2025-01-19 05:49:20 CET.

Flavor Version Tinstall Tcheck Ttotal Status Flags
r-devel-linux-x86_64-debian-clang 0.2.1 2.34 25.25 27.59 NOTE
r-devel-linux-x86_64-debian-gcc 0.2.1 1.98 19.53 21.51 NOTE
r-devel-linux-x86_64-fedora-clang 0.2.1 46.12 OK
r-devel-linux-x86_64-fedora-gcc 0.2.1 43.60 OK
r-devel-windows-x86_64 0.2.1 4.00 50.00 54.00 NOTE
r-patched-linux-x86_64 0.2.1 8.14 23.90 32.04 OK
r-release-linux-x86_64 0.2.1 2.72 24.22 26.94 OK
r-release-macos-arm64 0.2.1 19.00 OK
r-release-macos-x86_64 0.2.1 26.00 OK
r-release-windows-x86_64 0.2.1 4.00 49.00 53.00 OK
r-oldrel-macos-arm64 0.2.1 19.00 OK
r-oldrel-macos-x86_64 0.2.1 27.00 OK
r-oldrel-windows-x86_64 0.2.1 5.00 50.00 55.00 OK

Check Details

Version: 0.2.1
Check: Rd cross-references
Result: NOTE Found the following Rd file(s) with Rd \link{} targets missing package anchors: get_RuleBook.Rd: RLumModel-package measure_SAR_OSL.Rd: RLumModel-package set_Rule.Rd: RLumModel-package Please provide package anchors for all Rd \link{} targets not in the package itself and the base packages. Flavors: r-devel-linux-x86_64-debian-clang, r-devel-linux-x86_64-debian-gcc, r-devel-windows-x86_64