Last updated on 2024-05-01 16:53:09 CEST.
Flavor | Version | Tinstall | Tcheck | Ttotal | Status | Flags |
---|---|---|---|---|---|---|
r-devel-linux-x86_64-debian-clang | 0.1.0 | 5.25 | 50.21 | 55.46 | OK | |
r-devel-linux-x86_64-debian-gcc | 0.1.0 | 3.79 | 37.50 | 41.29 | OK | |
r-devel-linux-x86_64-fedora-clang | 0.1.0 | 71.18 | NOTE | |||
r-devel-linux-x86_64-fedora-gcc | 0.1.0 | 82.69 | NOTE | |||
r-devel-windows-x86_64 | 0.1.0 | 7.00 | 57.00 | 64.00 | OK | |
r-patched-linux-x86_64 | 0.1.0 | 3.14 | 46.48 | 49.62 | OK | |
r-release-linux-x86_64 | 0.1.0 | 2.97 | 46.24 | 49.21 | OK | |
r-release-macos-arm64 | 0.1.0 | 30.00 | OK | |||
r-release-macos-x86_64 | 0.1.0 | 56.00 | OK | |||
r-release-windows-x86_64 | 0.1.0 | 7.00 | 56.00 | 63.00 | OK | |
r-oldrel-macos-arm64 | 0.1.0 | 34.00 | OK | |||
r-oldrel-macos-x86_64 | 0.1.0 | 53.00 | OK | |||
r-oldrel-windows-x86_64 | 0.1.0 | 7.00 | 58.00 | 65.00 | OK |
Version: 0.1.0
Check: data for non-ASCII characters
Result: NOTE
Note: found 18 marked UTF-8 strings
Flavors: r-devel-linux-x86_64-fedora-clang, r-devel-linux-x86_64-fedora-gcc