Last updated on 2025-01-19 05:49:20 CET.
Flavor | Version | Tinstall | Tcheck | Ttotal | Status | Flags |
---|---|---|---|---|---|---|
r-devel-linux-x86_64-debian-clang | 0.6.15 | 182.60 | 322.17 | 504.77 | OK | |
r-devel-linux-x86_64-debian-gcc | 0.6.15 | 130.14 | 309.66 | 439.80 | OK | |
r-devel-linux-x86_64-fedora-clang | 0.6.15 | 842.20 | OK | |||
r-devel-linux-x86_64-fedora-gcc | 0.6.15 | 803.97 | OK | |||
r-devel-windows-x86_64 | 0.6.15 | 13.00 | 401.00 | 414.00 | OK | |
r-patched-linux-x86_64 | 0.6.15 | 179.41 | 331.68 | 511.09 | OK | |
r-release-linux-x86_64 | 0.6.15 | 179.73 | 331.90 | 511.63 | OK | |
r-release-macos-arm64 | 0.6.15 | 390.00 | NOTE | |||
r-release-macos-x86_64 | 0.6.15 | 631.00 | NOTE | |||
r-release-windows-x86_64 | 0.6.15 | 14.00 | 370.00 | 384.00 | NOTE | |
r-oldrel-macos-arm64 | 0.6.15 | 423.00 | NOTE | |||
r-oldrel-macos-x86_64 | 0.6.15 | 496.00 | NOTE | |||
r-oldrel-windows-x86_64 | 0.6.15 | 17.00 | 476.00 | 493.00 | NOTE |
Version: 0.6.15
Check: installed package size
Result: NOTE
installed size is 5.3Mb
sub-directories of 1Mb or more:
bin 4.5Mb
Flavors: r-release-macos-arm64, r-release-macos-x86_64, r-release-windows-x86_64, r-oldrel-macos-arm64, r-oldrel-macos-x86_64, r-oldrel-windows-x86_64