CRAN Package Check Results for Package sassy

Last updated on 2025-01-19 05:49:20 CET.

Flavor Version Tinstall Tcheck Ttotal Status Flags
r-devel-linux-x86_64-debian-clang 1.2.5 6.34 90.59 96.93 OK
r-devel-linux-x86_64-debian-gcc 1.2.5 5.40 67.49 72.89 OK
r-devel-linux-x86_64-fedora-clang 1.2.5 157.29 OK
r-devel-linux-x86_64-fedora-gcc 1.2.5 180.00 OK
r-devel-windows-x86_64 1.2.5 10.00 116.00 126.00 OK
r-patched-linux-x86_64 1.2.5 6.74 85.83 92.57 OK
r-release-linux-x86_64 1.2.5 7.41 86.10 93.51 OK
r-release-macos-arm64 1.2.5 80.00 NOTE
r-release-macos-x86_64 1.2.5 107.00 NOTE
r-release-windows-x86_64 1.2.5 9.00 109.00 118.00 NOTE
r-oldrel-macos-arm64 1.2.5 79.00 NOTE
r-oldrel-macos-x86_64 1.2.5 109.00 NOTE
r-oldrel-windows-x86_64 1.2.5 10.00 127.00 137.00 NOTE

Check Details

Version: 1.2.5
Check: installed package size
Result: NOTE installed size is 6.3Mb sub-directories of 1Mb or more: doc 5.1Mb extdata 1.1Mb Flavors: r-release-macos-arm64, r-release-macos-x86_64, r-release-windows-x86_64, r-oldrel-macos-arm64, r-oldrel-macos-x86_64, r-oldrel-windows-x86_64