Last updated on 2025-01-19 05:49:20 CET.
Flavor | Version | Tinstall | Tcheck | Ttotal | Status | Flags |
---|---|---|---|---|---|---|
r-devel-linux-x86_64-debian-clang | 1.0.3 | 30.44 | 75.76 | 106.20 | OK | |
r-devel-linux-x86_64-debian-gcc | 1.0.3 | 28.03 | 56.85 | 84.88 | OK | |
r-devel-linux-x86_64-fedora-clang | 1.0.3 | 186.51 | OK | |||
r-devel-linux-x86_64-fedora-gcc | 1.0.3 | 191.26 | OK | |||
r-devel-windows-x86_64 | 1.0.3 | 35.00 | 103.00 | 138.00 | OK | |
r-patched-linux-x86_64 | 1.0.3 | 31.37 | 73.17 | 104.54 | OK | |
r-release-linux-x86_64 | 1.0.3 | 37.91 | 73.25 | 111.16 | OK | |
r-release-macos-arm64 | 1.0.3 | 57.00 | NOTE | |||
r-release-macos-x86_64 | 1.0.3 | 90.00 | NOTE | |||
r-release-windows-x86_64 | 1.0.3 | 36.00 | 110.00 | 146.00 | OK | |
r-oldrel-macos-arm64 | 1.0.3 | 57.00 | NOTE | |||
r-oldrel-macos-x86_64 | 1.0.3 | 88.00 | NOTE | |||
r-oldrel-windows-x86_64 | 1.0.3 | 47.00 | 134.00 | 181.00 | OK |
Version: 1.0.3
Check: installed package size
Result: NOTE
installed size is 5.4Mb
sub-directories of 1Mb or more:
data 2.3Mb
libs 3.0Mb
Flavors: r-release-macos-arm64, r-release-macos-x86_64, r-oldrel-macos-arm64, r-oldrel-macos-x86_64