CRAN Package Check Results for Package sbpiper

Last updated on 2020-07-10 12:48:40 CEST.

Flavor Version Tinstall Tcheck Ttotal Status Flags
r-devel-linux-x86_64-debian-clang 1.9.0 12.95 140.50 153.45 NOTE
r-devel-linux-x86_64-debian-gcc 1.9.0 10.34 106.10 116.44 NOTE
r-devel-linux-x86_64-fedora-clang 1.9.0 188.05 NOTE
r-devel-linux-x86_64-fedora-gcc 1.9.0 178.18 NOTE
r-devel-windows-ix86+x86_64 1.9.0 28.00 147.00 175.00 OK
r-patched-linux-x86_64 1.9.0 8.25 137.31 145.56 NOTE
r-patched-solaris-x86 1.9.0 245.20 NOTE
r-release-linux-x86_64 1.9.0 11.24 134.90 146.14 NOTE
r-release-osx-x86_64 1.9.0 OK
r-release-windows-ix86+x86_64 1.9.0 31.00 146.00 177.00 OK
r-oldrel-osx-x86_64 1.9.0 OK
r-oldrel-windows-ix86+x86_64 1.9.0 26.00 133.00 159.00 OK

Check Details

Version: 1.9.0
Check: for non-standard things in the check directory
Result: NOTE
    Found the following files/directories:
     'insulin_receptor_IR_beta_pY1146_stats.csv'
     'insulin_receptor_exp_dataset.csv' 'pe_datasets' 'pe_plots'
     'ps1_datasets' 'ps1_plots' 'ps2_datasets' 'ps2_plots' 'sim_datasets'
     'sim_datasets_sum' 'sim_plots'
Flavors: r-devel-linux-x86_64-debian-clang, r-devel-linux-x86_64-debian-gcc, r-devel-linux-x86_64-fedora-clang, r-devel-linux-x86_64-fedora-gcc, r-patched-linux-x86_64, r-patched-solaris-x86, r-release-linux-x86_64