Last updated on 2025-01-19 05:49:20 CET.
Flavor | Version | Tinstall | Tcheck | Ttotal | Status | Flags |
---|---|---|---|---|---|---|
r-devel-linux-x86_64-debian-clang | 1.0.5 | 24.15 | 118.51 | 142.66 | OK | |
r-devel-linux-x86_64-debian-gcc | 1.0.5 | 16.64 | 86.32 | 102.96 | OK | |
r-devel-linux-x86_64-fedora-clang | 1.0.5 | 228.30 | OK | |||
r-devel-linux-x86_64-fedora-gcc | 1.0.5 | 232.01 | OK | |||
r-devel-windows-x86_64 | 1.0.5 | 23.00 | 118.00 | 141.00 | OK | |
r-patched-linux-x86_64 | 1.0.5 | 23.10 | 111.63 | 134.73 | OK | |
r-release-linux-x86_64 | 1.0.5 | 21.80 | 112.73 | 134.53 | OK | |
r-release-macos-arm64 | 1.0.5 | 75.00 | NOTE | |||
r-release-macos-x86_64 | 1.0.5 | 221.00 | NOTE | |||
r-release-windows-x86_64 | 1.0.5 | 23.00 | 118.00 | 141.00 | OK | |
r-oldrel-macos-arm64 | 1.0.5 | 80.00 | NOTE | |||
r-oldrel-macos-x86_64 | 1.0.5 | 155.00 | NOTE | |||
r-oldrel-windows-x86_64 | 1.0.5 | 25.00 | 141.00 | 166.00 | OK |
Version: 1.0.5
Check: installed package size
Result: NOTE
installed size is 5.2Mb
sub-directories of 1Mb or more:
data 2.7Mb
doc 2.3Mb
Flavors: r-release-macos-arm64, r-release-macos-x86_64, r-oldrel-macos-arm64, r-oldrel-macos-x86_64