Last updated on 2025-01-19 05:49:20 CET.
Flavor | Version | Tinstall | Tcheck | Ttotal | Status | Flags |
---|---|---|---|---|---|---|
r-devel-linux-x86_64-debian-clang | 3.0.1 | 39.73 | 294.95 | 334.68 | OK | |
r-devel-linux-x86_64-debian-gcc | 3.0.1 | 23.78 | 190.39 | 214.17 | OK | |
r-devel-linux-x86_64-fedora-clang | 3.0.1 | 573.85 | OK | |||
r-devel-linux-x86_64-fedora-gcc | 3.0.1 | 532.82 | OK | |||
r-devel-windows-x86_64 | 3.0.1 | 44.00 | 326.00 | 370.00 | OK | |
r-patched-linux-x86_64 | 3.0.1 | 40.67 | 271.61 | 312.28 | OK | |
r-release-linux-x86_64 | 3.0.1 | 38.62 | 272.28 | 310.90 | OK | |
r-release-macos-arm64 | 3.0.1 | 124.00 | OK | |||
r-release-macos-x86_64 | 3.0.1 | 229.00 | OK | |||
r-release-windows-x86_64 | 3.0.1 | 39.00 | 306.00 | 345.00 | OK | |
r-oldrel-macos-arm64 | 3.0.1 | 132.00 | NOTE | |||
r-oldrel-macos-x86_64 | 3.0.1 | 232.00 | NOTE | |||
r-oldrel-windows-x86_64 | 3.0.1 | 54.00 | 419.00 | 473.00 | OK |
Version: 3.0.1
Check: package dependencies
Result: NOTE
Packages suggested but not available for checking:
'dittoSeq', 'DropletUtils', 'Nebulosa'
Flavors: r-oldrel-macos-arm64, r-oldrel-macos-x86_64
Version: 3.0.1
Check: Rd cross-references
Result: NOTE
Packages unavailable to check Rd xrefs: ‘DropletUtils’, ‘Nebulosa’
Flavors: r-oldrel-macos-arm64, r-oldrel-macos-x86_64