CRAN Package Check Results for Package scDIFtest

Last updated on 2025-01-19 05:49:20 CET.

Flavor Version Tinstall Tcheck Ttotal Status Flags
r-devel-linux-x86_64-debian-clang 0.1.1 9.81 136.30 146.11 OK
r-devel-linux-x86_64-debian-gcc 0.1.1 8.76 97.75 106.51 OK
r-devel-linux-x86_64-fedora-clang 0.1.1 242.57 OK
r-devel-linux-x86_64-fedora-gcc 0.1.1 237.62 OK
r-devel-windows-x86_64 0.1.1 15.00 136.00 151.00 OK
r-patched-linux-x86_64 0.1.1 9.87 125.66 135.53 NOTE
r-release-linux-x86_64 0.1.1 9.79 126.23 136.02 NOTE
r-release-macos-arm64 0.1.1 61.00 NOTE
r-release-macos-x86_64 0.1.1 91.00 NOTE
r-release-windows-x86_64 0.1.1 12.00 139.00 151.00 NOTE
r-oldrel-macos-arm64 0.1.1 65.00 NOTE
r-oldrel-macos-x86_64 0.1.1 110.00 NOTE
r-oldrel-windows-x86_64 0.1.1 16.00 171.00 187.00 NOTE

Check Details

Version: 0.1.1
Check: LazyData
Result: NOTE 'LazyData' is specified without a 'data' directory Flavors: r-patched-linux-x86_64, r-release-linux-x86_64, r-release-macos-arm64, r-release-macos-x86_64, r-release-windows-x86_64, r-oldrel-macos-arm64, r-oldrel-macos-x86_64, r-oldrel-windows-x86_64