Last updated on 2025-01-19 05:49:20 CET.
Flavor | Version | Tinstall | Tcheck | Ttotal | Status | Flags |
---|---|---|---|---|---|---|
r-devel-linux-x86_64-debian-clang | 1.0.0 | 33.41 | 742.55 | 775.96 | OK | |
r-devel-linux-x86_64-debian-gcc | 1.0.0 | 23.38 | 576.27 | 599.65 | OK | |
r-devel-linux-x86_64-fedora-clang | 1.0.0 | 1407.22 | OK | |||
r-devel-linux-x86_64-fedora-gcc | 1.0.0 | 1417.68 | OK | |||
r-devel-windows-x86_64 | 1.0.0 | 33.00 | 470.00 | 503.00 | OK | |
r-patched-linux-x86_64 | 1.0.0 | 28.94 | 1142.79 | 1171.73 | OK | |
r-release-linux-x86_64 | 1.0.0 | 30.31 | 1162.83 | 1193.14 | OK | |
r-release-macos-arm64 | 1.0.0 | 227.00 | NOTE | |||
r-release-macos-x86_64 | 1.0.0 | 373.00 | OK | |||
r-release-windows-x86_64 | 1.0.0 | 30.00 | 469.00 | 499.00 | OK | |
r-oldrel-macos-arm64 | 1.0.0 | 234.00 | NOTE | |||
r-oldrel-macos-x86_64 | 1.0.0 | 700.00 | NOTE | |||
r-oldrel-windows-x86_64 | 1.0.0 | 42.00 | 599.00 | 641.00 | OK |
Version: 1.0.0
Check: package dependencies
Result: NOTE
Package suggested but not available for checking: ‘SingleCellSignalR’
Flavor: r-release-macos-arm64
Version: 1.0.0
Check: package dependencies
Result: NOTE
Packages suggested but not available for checking:
'ontoProc', 'rrvgo', 'SingleCellSignalR'
Flavors: r-oldrel-macos-arm64, r-oldrel-macos-x86_64