Last updated on 2025-01-19 05:49:20 CET.
Flavor | Version | Tinstall | Tcheck | Ttotal | Status | Flags |
---|---|---|---|---|---|---|
r-devel-linux-x86_64-debian-clang | 0.1.4 | 47.77 | 32.18 | 79.95 | NOTE | |
r-devel-linux-x86_64-debian-gcc | 0.1.4 | 34.53 | 24.65 | 59.18 | NOTE | |
r-devel-linux-x86_64-fedora-clang | 0.1.4 | 135.81 | NOTE | |||
r-devel-linux-x86_64-fedora-gcc | 0.1.4 | 145.77 | NOTE | |||
r-devel-windows-x86_64 | 0.1.4 | 46.00 | 70.00 | 116.00 | NOTE | |
r-patched-linux-x86_64 | 0.1.4 | 48.77 | 30.18 | 78.95 | NOTE | |
r-release-linux-x86_64 | 0.1.4 | 45.98 | 30.31 | 76.29 | NOTE | |
r-release-macos-arm64 | 0.1.4 | 39.00 | NOTE | |||
r-release-macos-x86_64 | 0.1.4 | 46.00 | NOTE | |||
r-release-windows-x86_64 | 0.1.4 | 48.00 | 66.00 | 114.00 | NOTE | |
r-oldrel-macos-arm64 | 0.1.4 | 41.00 | NOTE | |||
r-oldrel-macos-x86_64 | 0.1.4 | 60.00 | NOTE | |||
r-oldrel-windows-x86_64 | 0.1.4 | 53.00 | 81.00 | 134.00 | NOTE |
Version: 0.1.4
Check: C++ specification
Result: NOTE
Specified C++11: please drop specification unless essential
Flavors: r-devel-linux-x86_64-debian-clang, r-devel-linux-x86_64-debian-gcc, r-devel-linux-x86_64-fedora-clang, r-devel-linux-x86_64-fedora-gcc, r-devel-windows-x86_64, r-patched-linux-x86_64, r-release-linux-x86_64, r-release-macos-arm64, r-release-macos-x86_64, r-release-windows-x86_64, r-oldrel-macos-arm64, r-oldrel-macos-x86_64, r-oldrel-windows-x86_64