Last updated on 2025-01-19 05:49:20 CET.
Flavor | Version | Tinstall | Tcheck | Ttotal | Status | Flags |
---|---|---|---|---|---|---|
r-devel-linux-x86_64-debian-clang | 1.0.4 | 55.24 | 218.11 | 273.35 | OK | |
r-devel-linux-x86_64-debian-gcc | 1.0.4 | 37.24 | 151.38 | 188.62 | OK | |
r-devel-linux-x86_64-fedora-clang | 1.0.4 | 492.99 | OK | |||
r-devel-linux-x86_64-fedora-gcc | 1.0.4 | 453.48 | OK | |||
r-devel-windows-x86_64 | 1.0.4 | 58.00 | 227.00 | 285.00 | OK | |
r-patched-linux-x86_64 | 1.0.4 | 45.52 | 199.30 | 244.82 | OK | |
r-release-linux-x86_64 | 1.0.4 | 49.78 | 198.97 | 248.75 | OK | |
r-release-macos-arm64 | 1.0.4 | 109.00 | OK | |||
r-release-macos-x86_64 | 1.0.4 | 154.00 | OK | |||
r-release-windows-x86_64 | 1.0.4 | 55.00 | 223.00 | 278.00 | OK | |
r-oldrel-macos-arm64 | 1.0.4 | 126.00 | NOTE | |||
r-oldrel-macos-x86_64 | 1.0.4 | 202.00 | NOTE | |||
r-oldrel-windows-x86_64 | 1.0.4 | 69.00 | 281.00 | 350.00 | OK |
Version: 1.0.4
Check: package dependencies
Result: NOTE
Package suggested but not available for checking: ‘simplifyEnrichment’
Flavors: r-oldrel-macos-arm64, r-oldrel-macos-x86_64