CRAN Package Check Results for Package scModels

Last updated on 2025-01-19 05:49:20 CET.

Flavor Version Tinstall Tcheck Ttotal Status Flags
r-devel-linux-x86_64-debian-clang 1.0.4 23.38 97.80 121.18 NOTE
r-devel-linux-x86_64-debian-gcc 1.0.4 17.23 71.04 88.27 NOTE
r-devel-linux-x86_64-fedora-clang 1.0.4 199.02 NOTE
r-devel-linux-x86_64-fedora-gcc 1.0.4 195.21 NOTE
r-devel-windows-x86_64 1.0.4 27.00 147.00 174.00 NOTE
r-patched-linux-x86_64 1.0.4 24.73 92.77 117.50 NOTE
r-release-linux-x86_64 1.0.4 23.79 93.85 117.64 NOTE
r-release-macos-arm64 1.0.4 62.00 NOTE
r-release-macos-x86_64 1.0.4 103.00 NOTE
r-release-windows-x86_64 1.0.4 27.00 147.00 174.00 NOTE
r-oldrel-macos-arm64 1.0.4 82.00 NOTE
r-oldrel-macos-x86_64 1.0.4 132.00 NOTE
r-oldrel-windows-x86_64 1.0.4 31.00 183.00 214.00 NOTE

Check Details

Version: 1.0.4
Check: C++ specification
Result: NOTE Specified C++11: please drop specification unless essential Flavors: r-devel-linux-x86_64-debian-clang, r-devel-linux-x86_64-debian-gcc, r-devel-linux-x86_64-fedora-clang, r-devel-linux-x86_64-fedora-gcc, r-devel-windows-x86_64, r-patched-linux-x86_64, r-release-linux-x86_64, r-release-macos-arm64, r-release-macos-x86_64, r-release-windows-x86_64, r-oldrel-macos-arm64, r-oldrel-macos-x86_64, r-oldrel-windows-x86_64