Last updated on 2025-01-19 05:49:20 CET.
Flavor | Version | Tinstall | Tcheck | Ttotal | Status | Flags |
---|---|---|---|---|---|---|
r-devel-linux-x86_64-debian-clang | 1.0 | 18.15 | 143.20 | 161.35 | NOTE | |
r-devel-linux-x86_64-debian-gcc | 1.0 | 13.00 | 98.93 | 111.93 | NOTE | |
r-devel-linux-x86_64-fedora-clang | 1.0 | 272.18 | NOTE | |||
r-devel-linux-x86_64-fedora-gcc | 1.0 | 246.77 | NOTE | |||
r-devel-windows-x86_64 | 1.0 | 18.00 | 140.00 | 158.00 | OK | |
r-patched-linux-x86_64 | 1.0 | 16.77 | 132.49 | 149.26 | NOTE | |
r-release-linux-x86_64 | 1.0 | 15.43 | 128.51 | 143.94 | NOTE | |
r-release-macos-arm64 | 1.0 | 64.00 | OK | |||
r-release-macos-x86_64 | 1.0 | 100.00 | OK | |||
r-release-windows-x86_64 | 1.0 | 18.00 | 143.00 | 161.00 | OK | |
r-oldrel-macos-arm64 | 1.0 | 76.00 | OK | |||
r-oldrel-macos-x86_64 | 1.0 | 114.00 | OK | |||
r-oldrel-windows-x86_64 | 1.0 | 23.00 | 167.00 | 190.00 | OK |
Version: 1.0
Check: for non-standard things in the check directory
Result: NOTE
Found the following files/directories:
‘untitled_consensus_cluster’
Flavors: r-devel-linux-x86_64-debian-clang, r-devel-linux-x86_64-debian-gcc, r-devel-linux-x86_64-fedora-clang, r-devel-linux-x86_64-fedora-gcc, r-patched-linux-x86_64, r-release-linux-x86_64