CRAN Package Check Results for Package scSorter

Last updated on 2025-01-19 05:49:20 CET.

Flavor Version Tinstall Tcheck Ttotal Status Flags
r-devel-linux-x86_64-debian-clang 0.0.2 2.06 87.91 89.97 OK
r-devel-linux-x86_64-debian-gcc 0.0.2 1.69 59.27 60.96 OK
r-devel-linux-x86_64-fedora-clang 0.0.2 157.19 OK
r-devel-linux-x86_64-fedora-gcc 0.0.2 167.01 OK
r-devel-windows-x86_64 0.0.2 4.00 117.00 121.00 OK
r-patched-linux-x86_64 0.0.2 2.39 84.55 86.94 NOTE
r-release-linux-x86_64 0.0.2 2.22 82.81 85.03 NOTE
r-release-macos-arm64 0.0.2 53.00 NOTE
r-release-macos-x86_64 0.0.2 87.00 NOTE
r-release-windows-x86_64 0.0.2 3.00 116.00 119.00 NOTE
r-oldrel-macos-arm64 0.0.2 55.00 NOTE
r-oldrel-macos-x86_64 0.0.2 101.00 NOTE
r-oldrel-windows-x86_64 0.0.2 4.00 119.00 123.00 NOTE

Check Details

Version: 0.0.2
Check: LazyData
Result: NOTE 'LazyData' is specified without a 'data' directory Flavors: r-patched-linux-x86_64, r-release-linux-x86_64, r-release-macos-arm64, r-release-macos-x86_64, r-release-windows-x86_64, r-oldrel-macos-arm64, r-oldrel-macos-x86_64, r-oldrel-windows-x86_64