Last updated on 2024-05-04 14:48:32 CEST.
Flavor | Version | Tinstall | Tcheck | Ttotal | Status | Flags |
---|---|---|---|---|---|---|
r-devel-linux-x86_64-debian-clang | 0.0.2 | 2.36 | 122.47 | 124.83 | NOTE | |
r-devel-linux-x86_64-debian-gcc | 0.0.2 | 2.15 | 83.35 | 85.50 | NOTE | |
r-devel-linux-x86_64-fedora-clang | 0.0.2 | 158.48 | NOTE | |||
r-devel-linux-x86_64-fedora-gcc | 0.0.2 | 160.77 | NOTE | |||
r-devel-windows-x86_64 | 0.0.2 | 3.00 | 112.00 | 115.00 | NOTE | |
r-patched-linux-x86_64 | 0.0.2 | 2.14 | 117.04 | 119.18 | NOTE | |
r-release-linux-x86_64 | 0.0.2 | 2.53 | 116.43 | 118.96 | NOTE | |
r-release-macos-arm64 | 0.0.2 | 53.00 | NOTE | |||
r-release-windows-x86_64 | 0.0.2 | 3.00 | 48.00 | 51.00 | ERROR | |
r-oldrel-macos-arm64 | 0.0.2 | 55.00 | NOTE | |||
r-oldrel-macos-x86_64 | 0.0.2 | 101.00 | NOTE | |||
r-oldrel-windows-x86_64 | 0.0.2 | 3.00 | 114.00 | 117.00 | NOTE |
Version: 0.0.2
Check: LazyData
Result: NOTE
'LazyData' is specified without a 'data' directory
Flavors: r-devel-linux-x86_64-debian-clang, r-devel-linux-x86_64-debian-gcc, r-devel-linux-x86_64-fedora-clang, r-devel-linux-x86_64-fedora-gcc, r-devel-windows-x86_64, r-patched-linux-x86_64, r-release-linux-x86_64, r-release-macos-arm64, r-release-windows-x86_64, r-oldrel-macos-arm64, r-oldrel-macos-x86_64, r-oldrel-windows-x86_64
Version: 0.0.2
Check: re-building of vignette outputs
Result: ERROR
Error(s) in re-building vignettes:
--- re-building 'scSorter.Rmd' using rmarkdown
Quitting from lines at lines 55-56 [unnamed-chunk-2] (scSorter.Rmd)
Error: processing vignette 'scSorter.Rmd' failed with diagnostics:
cannot open the connection to 'https://github.com/hyguo2/scSorter/blob/master/inst/extdata/TMpancreas.RData?raw=true'
--- failed re-building 'scSorter.Rmd'
SUMMARY: processing the following file failed:
'scSorter.Rmd'
Error: Vignette re-building failed.
Execution halted
Flavor: r-release-windows-x86_64