CRAN Package Check Results for Package scaleboot

Last updated on 2025-01-19 05:49:20 CET.

Flavor Version Tinstall Tcheck Ttotal Status Flags
r-devel-linux-x86_64-debian-clang 1.0-1 8.12 83.63 91.75 OK
r-devel-linux-x86_64-debian-gcc 1.0-1 5.58 52.43 58.01 OK
r-devel-linux-x86_64-fedora-clang 1.0-1 148.97 NOTE
r-devel-linux-x86_64-fedora-gcc 1.0-1 153.58 NOTE
r-devel-windows-x86_64 1.0-1 7.00 104.00 111.00 OK
r-patched-linux-x86_64 1.0-1 7.72 78.19 85.91 OK
r-release-linux-x86_64 1.0-1 6.98 77.02 84.00 OK
r-release-macos-arm64 1.0-1 39.00 OK
r-release-macos-x86_64 1.0-1 70.00 OK
r-release-windows-x86_64 1.0-1 10.00 104.00 114.00 OK
r-oldrel-macos-arm64 1.0-1 53.00 OK
r-oldrel-macos-x86_64 1.0-1 93.00 OK
r-oldrel-windows-x86_64 1.0-1 8.00 105.00 113.00 OK

Check Details

Version: 1.0-1
Check: dependencies in R code
Result: NOTE Namespace in Imports field not imported from: ‘pvclust’ All declared Imports should be used. Flavors: r-devel-linux-x86_64-fedora-clang, r-devel-linux-x86_64-fedora-gcc