CRAN Package Check Results for Package scanstatistics

Last updated on 2025-01-19 05:49:20 CET.

Flavor Version Tinstall Tcheck Ttotal Status Flags
r-devel-linux-x86_64-debian-clang 1.1.1 87.69 97.52 185.21 NOTE
r-devel-linux-x86_64-debian-gcc 1.1.1 63.93 67.62 131.55 NOTE
r-devel-linux-x86_64-fedora-clang 1.1.1 338.35 NOTE
r-devel-linux-x86_64-fedora-gcc 1.1.1 358.41 NOTE
r-devel-windows-x86_64 1.1.1 96.00 130.00 226.00 NOTE
r-patched-linux-x86_64 1.1.1 91.75 90.12 181.87 NOTE
r-release-linux-x86_64 1.1.1 90.45 90.84 181.29 NOTE
r-release-macos-arm64 1.1.1 83.00 NOTE
r-release-macos-x86_64 1.1.1 107.00 NOTE
r-release-windows-x86_64 1.1.1 98.00 126.00 224.00 NOTE
r-oldrel-macos-arm64 1.1.1 99.00 NOTE
r-oldrel-macos-x86_64 1.1.1 167.00 NOTE
r-oldrel-windows-x86_64 1.1.1 108.00 157.00 265.00 NOTE

Check Details

Version: 1.1.1
Check: C++ specification
Result: NOTE Specified C++11: please drop specification unless essential Flavors: r-devel-linux-x86_64-debian-clang, r-devel-linux-x86_64-debian-gcc, r-devel-linux-x86_64-fedora-clang, r-devel-linux-x86_64-fedora-gcc, r-devel-windows-x86_64, r-patched-linux-x86_64, r-release-linux-x86_64, r-release-macos-arm64, r-release-macos-x86_64, r-release-windows-x86_64, r-oldrel-macos-arm64, r-oldrel-macos-x86_64, r-oldrel-windows-x86_64