Last updated on 2025-01-19 05:49:20 CET.
Flavor | Version | Tinstall | Tcheck | Ttotal | Status | Flags |
---|---|---|---|---|---|---|
r-devel-linux-x86_64-debian-clang | 0.0.2 | 13.54 | 260.29 | 273.83 | NOTE | |
r-devel-linux-x86_64-debian-gcc | 0.0.2 | 10.80 | 200.51 | 211.31 | NOTE | |
r-devel-linux-x86_64-fedora-clang | 0.0.2 | 412.83 | OK | |||
r-devel-linux-x86_64-fedora-gcc | 0.0.2 | 409.88 | OK | |||
r-devel-windows-x86_64 | 0.0.2 | 15.00 | 242.00 | 257.00 | NOTE | |
r-patched-linux-x86_64 | 0.0.2 | 17.32 | 247.61 | 264.93 | OK | |
r-release-linux-x86_64 | 0.0.2 | 11.88 | 242.91 | 254.79 | OK | |
r-release-macos-arm64 | 0.0.2 | 136.00 | OK | |||
r-release-macos-x86_64 | 0.0.2 | 337.00 | OK | |||
r-release-windows-x86_64 | 0.0.2 | 13.00 | 246.00 | 259.00 | OK | |
r-oldrel-macos-arm64 | 0.0.2 | 150.00 | OK | |||
r-oldrel-macos-x86_64 | 0.0.2 | 406.00 | OK | |||
r-oldrel-windows-x86_64 | 0.0.2 | 18.00 | 243.00 | 261.00 | OK |
Version: 0.0.2
Check: Rd cross-references
Result: NOTE
Found the following Rd file(s) with Rd \link{} targets missing package
anchors:
step_aggregate_hclust.Rd: selections, bake, prep
step_aggregate_list.Rd: selections, bake, prep
step_rownormalize_tss.Rd: selections, bake, prep
step_select_background.Rd: selections, bake, prep
step_select_cv.Rd: selections, bake, prep
step_select_kruskal.Rd: selections, bake, prep
step_select_wilcoxon.Rd: selections, bake, prep
step_taxonomy.Rd: selections, bake, prep
Please provide package anchors for all Rd \link{} targets not in the
package itself and the base packages.
Flavors: r-devel-linux-x86_64-debian-clang, r-devel-linux-x86_64-debian-gcc, r-devel-windows-x86_64