Last updated on 2024-04-21 13:55:45 CEST.
Flavor | Version | Tinstall | Tcheck | Ttotal | Status | Flags |
---|---|---|---|---|---|---|
r-devel-linux-x86_64-debian-clang | 1.3.0 | 0.32 | 2.34 | 2.66 | ERROR | |
r-devel-linux-x86_64-debian-gcc | 1.3.0 | 1.75 | 1.75 | ERROR | ||
r-devel-linux-x86_64-fedora-clang | 1.3.0 | 758.50 | OK | |||
r-devel-linux-x86_64-fedora-gcc | 1.3.0 | 685.49 | OK | |||
r-prerel-macos-arm64 | 1.3.0 | 205.00 | OK | |||
r-prerel-macos-x86_64 | 1.3.0 | 374.00 | OK | |||
r-prerel-windows-x86_64 | 1.3.0 | 56.00 | 383.00 | 439.00 | OK | |
r-patched-linux-x86_64 | 1.3.0 | 44.89 | 487.88 | 532.77 | OK | |
r-release-linux-x86_64 | 1.3.0 | 49.31 | 516.73 | 566.04 | OK | |
r-release-macos-arm64 | 1.3.0 | 182.00 | OK | |||
r-release-macos-x86_64 | 1.3.0 | 329.00 | OK | |||
r-release-windows-x86_64 | 1.3.0 | 73.00 | 523.00 | 596.00 | OK | |
r-oldrel-macos-arm64 | 1.3.0 | 230.00 | OK | |||
r-oldrel-windows-x86_64 | 1.3.0 | 68.00 | 449.00 | 517.00 | OK |
Version: 1.3.0
Check: package dependencies
Result: ERROR
Packages required but not available: 'alakazam', 'shazam'
See section ‘The DESCRIPTION file’ in the ‘Writing R Extensions’
manual.
Flavors: r-devel-linux-x86_64-debian-clang, r-devel-linux-x86_64-debian-gcc