Last updated on 2025-01-19 05:49:20 CET.
Flavor | Version | Tinstall | Tcheck | Ttotal | Status | Flags |
---|---|---|---|---|---|---|
r-devel-linux-x86_64-debian-clang | 0.1.1 | 154.73 | 235.35 | 390.08 | OK | |
r-devel-linux-x86_64-debian-gcc | 0.1.1 | 115.56 | 167.49 | 283.05 | OK | |
r-devel-linux-x86_64-fedora-clang | 0.1.1 | 675.78 | OK | |||
r-devel-linux-x86_64-fedora-gcc | 0.1.1 | 501.89 | OK | |||
r-devel-windows-x86_64 | 0.1.1 | 223.00 | 258.00 | 481.00 | OK | |
r-patched-linux-x86_64 | 0.1.1 | 161.54 | 228.73 | 390.27 | OK | |
r-release-linux-x86_64 | 0.1.1 | 163.78 | 229.94 | 393.72 | OK | |
r-release-macos-arm64 | 0.1.1 | 199.00 | NOTE | |||
r-release-macos-x86_64 | 0.1.1 | 363.00 | NOTE | |||
r-release-windows-x86_64 | 0.1.1 | 227.00 | 259.00 | 486.00 | NOTE | |
r-oldrel-macos-arm64 | 0.1.1 | 174.00 | NOTE | |||
r-oldrel-macos-x86_64 | 0.1.1 | 354.00 | NOTE | |||
r-oldrel-windows-x86_64 | 0.1.1 | 221.00 | 311.00 | 532.00 | NOTE |
Version: 0.1.1
Check: installed package size
Result: NOTE
installed size is 31.7Mb
sub-directories of 1Mb or more:
cppad 9.4Mb
include 4.6Mb
libs 17.1Mb
Flavors: r-release-macos-arm64, r-release-macos-x86_64, r-release-windows-x86_64, r-oldrel-macos-arm64, r-oldrel-macos-x86_64, r-oldrel-windows-x86_64