Last updated on 2025-01-19 05:49:20 CET.
Flavor | Version | Tinstall | Tcheck | Ttotal | Status | Flags |
---|---|---|---|---|---|---|
r-devel-linux-x86_64-debian-clang | 1.0.0 | 2.72 | 18.30 | 21.02 | OK | |
r-devel-linux-x86_64-debian-gcc | 1.0.0 | 2.09 | 15.16 | 17.25 | OK | |
r-devel-linux-x86_64-fedora-clang | 1.0.0 | 34.09 | NOTE | |||
r-devel-linux-x86_64-fedora-gcc | 1.0.0 | 33.29 | NOTE | |||
r-devel-windows-x86_64 | 1.0.0 | 7.00 | 46.00 | 53.00 | OK | |
r-patched-linux-x86_64 | 1.0.0 | 2.62 | 17.74 | 20.36 | OK | |
r-release-linux-x86_64 | 1.0.0 | 2.49 | 17.63 | 20.12 | OK | |
r-release-macos-arm64 | 1.0.0 | 15.00 | OK | |||
r-release-macos-x86_64 | 1.0.0 | 23.00 | OK | |||
r-release-windows-x86_64 | 1.0.0 | 7.00 | 41.00 | 48.00 | OK | |
r-oldrel-macos-arm64 | 1.0.0 | 17.00 | OK | |||
r-oldrel-macos-x86_64 | 1.0.0 | 24.00 | OK | |||
r-oldrel-windows-x86_64 | 1.0.0 | 7.00 | 44.00 | 51.00 | OK |
Version: 1.0.0
Check: compiled code
Result: NOTE
File ‘scquantum/libs/scquantum.so’:
Found no calls to: ‘R_registerRoutines’, ‘R_useDynamicSymbols’
It is good practice to register native routines and to disable symbol
search.
See ‘Writing portable packages’ in the ‘Writing R Extensions’ manual.
Flavors: r-devel-linux-x86_64-fedora-clang, r-devel-linux-x86_64-fedora-gcc