Last updated on 2025-01-19 05:49:20 CET.
Flavor | Version | Tinstall | Tcheck | Ttotal | Status | Flags |
---|---|---|---|---|---|---|
r-devel-linux-x86_64-debian-clang | 0.2.0 | 52.62 | 146.38 | 199.00 | OK | |
r-devel-linux-x86_64-debian-gcc | 0.2.0 | 39.26 | 103.81 | 143.07 | OK | |
r-devel-linux-x86_64-fedora-clang | 0.2.0 | 354.23 | OK | |||
r-devel-linux-x86_64-fedora-gcc | 0.2.0 | 383.30 | OK | |||
r-devel-windows-x86_64 | 0.2.0 | 53.00 | 190.00 | 243.00 | OK | |
r-patched-linux-x86_64 | 0.2.0 | 57.11 | 141.55 | 198.66 | OK | |
r-release-linux-x86_64 | 0.2.0 | 55.36 | 141.12 | 196.48 | OK | |
r-release-macos-arm64 | 0.2.0 | 115.00 | NOTE | |||
r-release-macos-x86_64 | 0.2.0 | 209.00 | NOTE | |||
r-release-windows-x86_64 | 0.2.0 | 53.00 | 190.00 | 243.00 | OK | |
r-oldrel-macos-arm64 | 0.2.0 | 222.00 | NOTE | |||
r-oldrel-macos-x86_64 | 0.2.0 | 433.00 | NOTE | |||
r-oldrel-windows-x86_64 | 0.2.0 | 60.00 | 228.00 | 288.00 | OK |
Version: 0.2.0
Check: installed package size
Result: NOTE
installed size is 20.9Mb
sub-directories of 1Mb or more:
libs 20.2Mb
Flavors: r-release-macos-arm64, r-release-macos-x86_64, r-oldrel-macos-arm64, r-oldrel-macos-x86_64
Version: 0.2.0
Check: package dependencies
Result: NOTE
Package suggested but not available for checking: ‘glmGamPoi’
Flavors: r-oldrel-macos-arm64, r-oldrel-macos-x86_64