CRAN Package Check Results for Package scrime

Last updated on 2025-01-19 05:49:20 CET.

Flavor Version Tinstall Tcheck Ttotal Status Flags
r-devel-linux-x86_64-debian-clang 1.3.5 5.80 49.52 55.32 NOTE
r-devel-linux-x86_64-debian-gcc 1.3.5 4.07 34.45 38.52 NOTE
r-devel-linux-x86_64-fedora-clang 1.3.5 98.52 NOTE
r-devel-linux-x86_64-fedora-gcc 1.3.5 89.73 NOTE
r-devel-windows-x86_64 1.3.5 8.00 72.00 80.00 NOTE
r-patched-linux-x86_64 1.3.5 6.59 44.28 50.87 NOTE
r-release-linux-x86_64 1.3.5 5.96 46.45 52.41 NOTE
r-release-macos-arm64 1.3.5 24.00 NOTE
r-release-macos-x86_64 1.3.5 38.00 NOTE
r-release-windows-x86_64 1.3.5 6.00 72.00 78.00 NOTE
r-oldrel-macos-arm64 1.3.5 24.00 NOTE
r-oldrel-macos-x86_64 1.3.5 35.00 NOTE
r-oldrel-windows-x86_64 1.3.5 9.00 80.00 89.00 NOTE

Check Details

Version: 1.3.5
Check: Rd files
Result: NOTE checkRd: (-1) simulateSNPs.Rd:46: Escaped LaTeX specials: \& \& \& checkRd: (-1) simulateSNPs.Rd:80: Escaped LaTeX specials: \& \& \& Flavors: r-devel-linux-x86_64-debian-clang, r-devel-linux-x86_64-debian-gcc, r-devel-linux-x86_64-fedora-clang, r-devel-linux-x86_64-fedora-gcc, r-devel-windows-x86_64, r-patched-linux-x86_64, r-release-linux-x86_64, r-release-macos-arm64, r-release-macos-x86_64, r-release-windows-x86_64, r-oldrel-macos-arm64, r-oldrel-macos-x86_64, r-oldrel-windows-x86_64

Version: 1.3.5
Check: package dependencies
Result: NOTE Package suggested but not available for checking: ‘oligoClasses’ Flavors: r-oldrel-macos-arm64, r-oldrel-macos-x86_64