Last updated on 2025-01-19 05:49:20 CET.
Flavor | Version | Tinstall | Tcheck | Ttotal | Status | Flags |
---|---|---|---|---|---|---|
r-devel-linux-x86_64-debian-clang | 3.2.4 | 7.95 | 20.78 | 28.73 | OK | |
r-devel-linux-x86_64-debian-gcc | 3.2.4 | 8.37 | 16.64 | 25.01 | OK | |
r-devel-linux-x86_64-fedora-clang | 3.2.4 | 47.24 | OK | |||
r-devel-linux-x86_64-fedora-gcc | 3.2.4 | 54.44 | OK | |||
r-devel-windows-x86_64 | 3.2.4 | 30.00 | 48.00 | 78.00 | OK | |
r-patched-linux-x86_64 | 3.2.4 | 11.47 | 20.05 | 31.52 | NOTE | |
r-release-linux-x86_64 | 3.2.4 | 11.29 | 19.67 | 30.96 | NOTE | |
r-release-macos-arm64 | 3.2.4 | 20.00 | NOTE | |||
r-release-macos-x86_64 | 3.2.4 | 34.00 | NOTE | |||
r-release-windows-x86_64 | 3.2.4 | 31.00 | 47.00 | 78.00 | NOTE | |
r-oldrel-macos-arm64 | 3.2.4 | 22.00 | NOTE | |||
r-oldrel-macos-x86_64 | 3.2.4 | 30.00 | NOTE | |||
r-oldrel-windows-x86_64 | 3.2.4 | 36.00 | 49.00 | 85.00 | NOTE |
Version: 3.2.4
Check: for GNU extensions in Makefiles
Result: NOTE
GNU make is a SystemRequirements.
Flavors: r-patched-linux-x86_64, r-release-linux-x86_64, r-release-macos-arm64, r-release-macos-x86_64, r-release-windows-x86_64, r-oldrel-macos-arm64, r-oldrel-macos-x86_64, r-oldrel-windows-x86_64