CRAN Package Check Results for Package sctransform

Last updated on 2019-10-14 12:48:07 CEST.

Flavor Version Tinstall Tcheck Ttotal Status Flags
r-devel-linux-x86_64-debian-clang 0.2.0 29.29 112.69 141.98 OK
r-devel-linux-x86_64-debian-gcc 0.2.0 22.69 85.48 108.17 OK
r-devel-linux-x86_64-fedora-clang 0.2.0 183.71 NOTE
r-devel-linux-x86_64-fedora-gcc 0.2.0 167.13 NOTE
r-devel-windows-ix86+x86_64 0.2.0 55.00 260.00 315.00 OK
r-patched-linux-x86_64 0.2.0 23.40 107.66 131.06 OK
r-patched-solaris-x86 0.2.0 238.30 NOTE
r-release-linux-x86_64 0.2.0 22.66 108.53 131.19 OK
r-release-windows-ix86+x86_64 0.2.0 74.00 182.00 256.00 OK
r-release-osx-x86_64 0.2.0 NOTE
r-oldrel-windows-ix86+x86_64 0.2.0 36.00 179.00 215.00 OK
r-oldrel-osx-x86_64 0.2.0 NOTE

Check Details

Version: 0.2.0
Check: dependencies in R code
Result: NOTE
    Namespaces in Imports field not imported from:
     ‘Rcpp’ ‘future’
     All declared Imports should be used.
Flavors: r-devel-linux-x86_64-fedora-clang, r-devel-linux-x86_64-fedora-gcc, r-patched-solaris-x86, r-release-osx-x86_64, r-oldrel-osx-x86_64