Last updated on 2024-04-21 13:55:45 CEST.
Flavor | Version | Tinstall | Tcheck | Ttotal | Status | Flags |
---|---|---|---|---|---|---|
r-devel-linux-x86_64-debian-clang | 0.4.1 | 55.25 | 119.55 | 174.80 | NOTE | |
r-devel-linux-x86_64-debian-gcc | 0.4.1 | 40.02 | 87.09 | 127.11 | NOTE | |
r-devel-linux-x86_64-fedora-clang | 0.4.1 | 253.86 | OK | |||
r-devel-linux-x86_64-fedora-gcc | 0.4.1 | 241.40 | OK | |||
r-prerel-macos-arm64 | 0.4.1 | 56.00 | NOTE | |||
r-prerel-windows-x86_64 | 0.4.1 | 44.00 | 130.00 | 174.00 | OK | |
r-patched-linux-x86_64 | 0.4.1 | 50.77 | 120.09 | 170.86 | OK | |
r-release-linux-x86_64 | 0.4.1 | 55.28 | 123.38 | 178.66 | OK | |
r-release-macos-arm64 | 0.4.1 | 62.00 | NOTE | |||
r-release-macos-x86_64 | 0.4.1 | 128.00 | NOTE | |||
r-release-windows-x86_64 | 0.4.1 | 55.00 | 161.00 | 216.00 | OK | |
r-oldrel-macos-arm64 | 0.4.1 | 65.00 | NOTE | |||
r-oldrel-windows-x86_64 | 0.4.1 | 54.00 | 156.00 | 210.00 | OK |
Version: 0.4.1
Check: package dependencies
Result: NOTE
Package which this enhances but not available for checking: ‘glmGamPoi’
Flavors: r-devel-linux-x86_64-debian-clang, r-devel-linux-x86_64-debian-gcc, r-prerel-macos-arm64, r-release-macos-arm64, r-release-macos-x86_64, r-oldrel-macos-arm64