Last updated on 2025-01-19 05:49:20 CET.
Flavor | Version | Tinstall | Tcheck | Ttotal | Status | Flags |
---|---|---|---|---|---|---|
r-devel-linux-x86_64-debian-clang | 1.0-0 | 10.19 | 77.94 | 88.13 | NOTE | |
r-devel-linux-x86_64-debian-gcc | 1.0-0 | 6.59 | 57.70 | 64.29 | NOTE | |
r-devel-linux-x86_64-fedora-clang | 1.0-0 | 142.40 | NOTE | |||
r-devel-linux-x86_64-fedora-gcc | 1.0-0 | 133.65 | NOTE | |||
r-devel-windows-x86_64 | 1.0-0 | 10.00 | 91.00 | 101.00 | NOTE | |
r-patched-linux-x86_64 | 1.0-0 | 9.03 | 72.25 | 81.28 | NOTE | |
r-release-linux-x86_64 | 1.0-0 | 9.18 | 72.93 | 82.11 | NOTE | |
r-release-macos-arm64 | 1.0-0 | 38.00 | NOTE | |||
r-release-macos-x86_64 | 1.0-0 | 57.00 | NOTE | |||
r-release-windows-x86_64 | 1.0-0 | 10.00 | 101.00 | 111.00 | NOTE | |
r-oldrel-macos-arm64 | 1.0-0 | 44.00 | NOTE | |||
r-oldrel-macos-x86_64 | 1.0-0 | 69.00 | NOTE | |||
r-oldrel-windows-x86_64 | 1.0-0 | 12.00 | 108.00 | 120.00 | NOTE |
Version: 1.0-0
Check: Rd files
Result: NOTE
checkRd: (-1) hyperpar.Rd:17: Lost braces
17 | \item{c}{denotes the expected range of eqn{f} .}
| ^
Flavors: r-devel-linux-x86_64-debian-clang, r-devel-linux-x86_64-debian-gcc, r-devel-linux-x86_64-fedora-clang, r-devel-linux-x86_64-fedora-gcc, r-devel-windows-x86_64, r-patched-linux-x86_64, r-release-linux-x86_64, r-release-macos-arm64, r-release-macos-x86_64, r-release-windows-x86_64
Version: 1.0-0
Check: LazyData
Result: NOTE
'LazyData' is specified without a 'data' directory
Flavors: r-patched-linux-x86_64, r-release-linux-x86_64, r-release-macos-arm64, r-release-macos-x86_64, r-release-windows-x86_64, r-oldrel-macos-arm64, r-oldrel-macos-x86_64, r-oldrel-windows-x86_64