Last updated on 2024-05-09 19:49:59 CEST.
Flavor | Version | Tinstall | Tcheck | Ttotal | Status | Flags |
---|---|---|---|---|---|---|
r-devel-linux-x86_64-debian-clang | 1.3.8 | 2.66 | 31.66 | 34.32 | NOTE | |
r-devel-linux-x86_64-debian-gcc | 1.3.8 | 2.01 | 25.41 | 27.42 | NOTE | |
r-devel-linux-x86_64-fedora-clang | 1.3.8 | 47.10 | NOTE | |||
r-devel-linux-x86_64-fedora-gcc | 1.3.8 | 46.28 | NOTE | |||
r-devel-windows-x86_64 | 1.3.8 | 3.00 | 49.00 | 52.00 | NOTE | |
r-patched-linux-x86_64 | 1.3.8 | 3.97 | 31.64 | 35.61 | NOTE | |
r-release-linux-x86_64 | 1.3.8 | 3.53 | 30.70 | 34.23 | NOTE | |
r-release-macos-arm64 | 1.3.8 | 19.00 | NOTE | |||
r-release-windows-x86_64 | 1.3.8 | 4.00 | 49.00 | 53.00 | NOTE | |
r-oldrel-macos-arm64 | 1.3.8 | 20.00 | OK | |||
r-oldrel-macos-x86_64 | 1.3.8 | 28.00 | OK | |||
r-oldrel-windows-x86_64 | 1.3.8 | 3.00 | 50.00 | 53.00 | OK |
Version: 1.3.8
Check: Rd files
Result: NOTE
checkRd: (-1) sda.Rd:36-37: Lost braces in \itemize; meant \describe ?
checkRd: (-1) sda.Rd:38: Lost braces in \itemize; meant \describe ?
checkRd: (-1) sda.Rd:40: Lost braces in \itemize; meant \describe ?
checkRd: (-1) sda.package.Rd:22: Lost braces in \itemize; meant \describe ?
checkRd: (-1) sda.package.Rd:23: Lost braces in \itemize; meant \describe ?
checkRd: (-1) sda.package.Rd:24: Lost braces in \itemize; meant \describe ?
Flavors: r-devel-linux-x86_64-debian-clang, r-devel-linux-x86_64-debian-gcc, r-devel-linux-x86_64-fedora-clang, r-devel-linux-x86_64-fedora-gcc, r-devel-windows-x86_64, r-patched-linux-x86_64, r-release-linux-x86_64, r-release-macos-arm64, r-release-windows-x86_64