Last updated on 2025-01-19 05:49:20 CET.
Flavor | Version | Tinstall | Tcheck | Ttotal | Status | Flags |
---|---|---|---|---|---|---|
r-devel-linux-x86_64-debian-clang | 0.32.6 | 68.90 | 142.75 | 211.65 | OK | |
r-devel-linux-x86_64-debian-gcc | 0.32.6 | 44.77 | 101.39 | 146.16 | OK | |
r-devel-linux-x86_64-fedora-clang | 0.32.6 | 339.98 | OK | |||
r-devel-linux-x86_64-fedora-gcc | 0.32.6 | 347.80 | OK | |||
r-devel-windows-x86_64 | 0.32.6 | 79.00 | 174.00 | 253.00 | OK | |
r-patched-linux-x86_64 | 0.32.6 | 70.43 | 129.29 | 199.72 | OK | |
r-release-linux-x86_64 | 0.32.6 | 66.36 | 130.21 | 196.57 | OK | |
r-release-macos-arm64 | 0.32.6 | 93.00 | NOTE | |||
r-release-macos-x86_64 | 0.32.6 | 138.00 | NOTE | |||
r-release-windows-x86_64 | 0.32.6 | 76.00 | 161.00 | 237.00 | OK | |
r-oldrel-macos-arm64 | 0.32.6 | 95.00 | NOTE | |||
r-oldrel-macos-x86_64 | 0.32.6 | 186.00 | NOTE | |||
r-oldrel-windows-x86_64 | 0.32.6 | 92.00 | 206.00 | 298.00 | OK |
Version: 0.32.6
Check: installed package size
Result: NOTE
installed size is 7.7Mb
sub-directories of 1Mb or more:
R 2.1Mb
libs 5.3Mb
Flavors: r-release-macos-arm64, r-release-macos-x86_64, r-oldrel-macos-arm64, r-oldrel-macos-x86_64