Last updated on 2025-01-19 05:49:20 CET.
Flavor | Version | Tinstall | Tcheck | Ttotal | Status | Flags |
---|---|---|---|---|---|---|
r-devel-linux-x86_64-debian-clang | 0.1.10 | 106.10 | 55.78 | 161.88 | OK | |
r-devel-linux-x86_64-debian-gcc | 0.1.10 | 74.46 | 40.05 | 114.51 | OK | |
r-devel-linux-x86_64-fedora-clang | 0.1.10 | 309.00 | OK | |||
r-devel-linux-x86_64-fedora-gcc | 0.1.10 | 323.54 | OK | |||
r-devel-windows-x86_64 | 0.1.10 | 107.00 | 106.00 | 213.00 | OK | |
r-patched-linux-x86_64 | 0.1.10 | 109.92 | 52.22 | 162.14 | OK | |
r-release-linux-x86_64 | 0.1.10 | 111.90 | 52.68 | 164.58 | OK | |
r-release-macos-arm64 | 0.1.10 | 68.00 | NOTE | |||
r-release-macos-x86_64 | 0.1.10 | 76.00 | NOTE | |||
r-release-windows-x86_64 | 0.1.10 | 106.00 | 102.00 | 208.00 | OK | |
r-oldrel-macos-arm64 | 0.1.10 | 72.00 | NOTE | |||
r-oldrel-macos-x86_64 | 0.1.10 | 110.00 | NOTE | |||
r-oldrel-windows-x86_64 | 0.1.10 | 115.00 | 124.00 | 239.00 | OK |
Version: 0.1.10
Check: installed package size
Result: NOTE
installed size is 9.7Mb
sub-directories of 1Mb or more:
libs 8.8Mb
Flavors: r-release-macos-arm64, r-release-macos-x86_64, r-oldrel-macos-arm64, r-oldrel-macos-x86_64