CRAN Package Check Results for Package sdmTMB

Last updated on 2025-01-19 05:49:20 CET.

Flavor Version Tinstall Tcheck Ttotal Status Flags
r-devel-linux-x86_64-debian-clang 0.6.0 234.31 231.58 465.89 OK
r-devel-linux-x86_64-debian-gcc 0.6.0 177.54 181.98 359.52 OK
r-devel-linux-x86_64-fedora-clang 0.6.0 674.43 OK
r-devel-linux-x86_64-fedora-gcc 0.6.0 856.05 OK
r-devel-windows-x86_64 0.6.0 190.00 284.00 474.00 OK
r-patched-linux-x86_64 0.6.0 238.57 237.57 476.14 OK
r-release-linux-x86_64 0.6.0 239.39 238.27 477.66 OK
r-release-macos-arm64 0.6.0 201.00 NOTE
r-release-macos-x86_64 0.6.0 404.00 NOTE
r-release-windows-x86_64 0.6.0 195.00 282.00 477.00 NOTE
r-oldrel-macos-arm64 0.6.0 185.00 NOTE
r-oldrel-macos-x86_64 0.6.0 400.00 NOTE
r-oldrel-windows-x86_64 0.6.0 258.00 352.00 610.00 NOTE

Check Details

Version: 0.6.0
Check: installed package size
Result: NOTE installed size is 87.8Mb sub-directories of 1Mb or more: libs 85.9Mb Flavors: r-release-macos-arm64, r-release-macos-x86_64, r-release-windows-x86_64, r-oldrel-macos-arm64, r-oldrel-macos-x86_64, r-oldrel-windows-x86_64