CRAN Package Check Results for Package sdnet

Last updated on 2020-02-28 12:47:38 CET.

Flavor Version Tinstall Tcheck Ttotal Status Flags
r-devel-linux-x86_64-debian-clang 2.4.1 59.47 57.34 116.81 NOTE
r-devel-linux-x86_64-debian-gcc 2.4.1 50.75 43.87 94.62 WARN
r-devel-linux-x86_64-fedora-clang 2.4.1 156.42 NOTE
r-devel-linux-x86_64-fedora-gcc 2.4.1 157.65 WARN
r-devel-windows-ix86+x86_64 2.4.1 141.00 82.00 223.00 OK
r-devel-windows-ix86+x86_64-gcc8 2.4.1 154.00 83.00 237.00 OK
r-patched-linux-x86_64 2.4.1 54.99 51.84 106.83 OK
r-patched-solaris-x86 2.4.1 215.60 OK
r-release-linux-x86_64 2.4.1 52.67 50.83 103.50 OK
r-release-windows-ix86+x86_64 2.4.1 139.00 101.00 240.00 OK
r-release-osx-x86_64 2.4.1 OK
r-oldrel-windows-ix86+x86_64 2.4.1 135.00 78.00 213.00 OK
r-oldrel-osx-x86_64 2.4.1 OK

Additional issues

LTO rchk

Check Details

Version: 2.4.1
Check: for non-standard things in the check directory
Result: NOTE
    Found the following files/directories:
     'cnet.dot' 'unknown.dot'
Flavors: r-devel-linux-x86_64-debian-clang, r-devel-linux-x86_64-debian-gcc, r-devel-linux-x86_64-fedora-clang, r-devel-linux-x86_64-fedora-gcc

Version: 2.4.1
Check: whether package can be installed
Result: WARN
    Found the following significant warnings:
     catnet_rexport.cpp:222:63: warning: passing argument 1 to restrict-qualified parameter aliases with argument 3 [-Wrestrict]
     catnet_rexport.cpp:226:34: warning: passing argument 1 to restrict-qualified parameter aliases with argument 3 [-Wrestrict]
     catnet_rexport.cpp:233:45: warning: passing argument 1 to restrict-qualified parameter aliases with argument 3 [-Wrestrict]
     catnet_rexport.cpp:236:65: warning: passing argument 1 to restrict-qualified parameter aliases with argument 3 [-Wrestrict]
     catnet_rexport.cpp:237:36: warning: passing argument 1 to restrict-qualified parameter aliases with argument 3 [-Wrestrict]
     catnet_rexport.cpp:240:36: warning: passing argument 1 to restrict-qualified parameter aliases with argument 3 [-Wrestrict]
     catnet_rexport.cpp:251:63: warning: passing argument 1 to restrict-qualified parameter aliases with argument 3 [-Wrestrict]
     catnet_rexport.cpp:252:36: warning: passing argument 1 to restrict-qualified parameter aliases with argument 3 [-Wrestrict]
     rcatnet_prob.cpp:49:104: warning: passing argument 1 to restrict-qualified parameter aliases with argument 3 [-Wrestrict]
Flavors: r-devel-linux-x86_64-debian-gcc, r-devel-linux-x86_64-fedora-gcc