CRAN Package Check Results for Package sdnet

Last updated on 2019-10-13 12:46:24 CEST.

Flavor Version Tinstall Tcheck Ttotal Status Flags
r-devel-linux-x86_64-debian-clang 2.4.1 56.04 52.20 108.24 NOTE
r-devel-linux-x86_64-debian-gcc 2.4.1 51.29 40.15 91.44 WARN
r-devel-linux-x86_64-fedora-clang 2.4.1 149.90 NOTE
r-devel-linux-x86_64-fedora-gcc 2.4.1 149.79 WARN
r-devel-windows-ix86+x86_64 2.4.1 176.00 73.00 249.00 OK
r-patched-linux-x86_64 2.4.1 54.86 50.95 105.81 OK
r-patched-solaris-x86 2.4.1 207.20 OK
r-release-linux-x86_64 2.4.1 51.25 51.55 102.80 OK
r-release-windows-ix86+x86_64 2.4.1 139.00 101.00 240.00 OK
r-release-osx-x86_64 2.4.1 OK
r-oldrel-windows-ix86+x86_64 2.4.1 135.00 78.00 213.00 OK
r-oldrel-osx-x86_64 2.4.1 OK

Additional issues

LTO rchk

Check Details

Version: 2.4.1
Check: for non-standard things in the check directory
Result: NOTE
    Found the following files/directories:
     'cnet.dot' 'unknown.dot'
Flavors: r-devel-linux-x86_64-debian-clang, r-devel-linux-x86_64-debian-gcc, r-devel-linux-x86_64-fedora-clang, r-devel-linux-x86_64-fedora-gcc

Version: 2.4.1
Check: whether package can be installed
Result: WARN
    Found the following significant warnings:
     catnet_rexport.cpp:222:63: warning: passing argument 1 to restrict-qualified parameter aliases with argument 3 [-Wrestrict]
     catnet_rexport.cpp:226:34: warning: passing argument 1 to restrict-qualified parameter aliases with argument 3 [-Wrestrict]
     catnet_rexport.cpp:233:45: warning: passing argument 1 to restrict-qualified parameter aliases with argument 3 [-Wrestrict]
     catnet_rexport.cpp:236:65: warning: passing argument 1 to restrict-qualified parameter aliases with argument 3 [-Wrestrict]
     catnet_rexport.cpp:237:36: warning: passing argument 1 to restrict-qualified parameter aliases with argument 3 [-Wrestrict]
     catnet_rexport.cpp:240:36: warning: passing argument 1 to restrict-qualified parameter aliases with argument 3 [-Wrestrict]
     catnet_rexport.cpp:251:63: warning: passing argument 1 to restrict-qualified parameter aliases with argument 3 [-Wrestrict]
     catnet_rexport.cpp:252:36: warning: passing argument 1 to restrict-qualified parameter aliases with argument 3 [-Wrestrict]
     rcatnet_prob.cpp:49:104: warning: passing argument 1 to restrict-qualified parameter aliases with argument 3 [-Wrestrict]
Flavors: r-devel-linux-x86_64-debian-gcc, r-devel-linux-x86_64-fedora-gcc