CRAN Package Check Results for Package seAMLess

Last updated on 2025-01-19 05:49:20 CET.

Flavor Version Tinstall Tcheck Ttotal Status Flags
r-devel-linux-x86_64-debian-clang 0.1.1 3.07 24.83 27.90 OK
r-devel-linux-x86_64-debian-gcc 0.1.1 2.63 19.60 22.23 OK
r-devel-linux-x86_64-fedora-clang 0.1.1 46.83 OK
r-devel-linux-x86_64-fedora-gcc 0.1.1 44.99 OK
r-devel-windows-x86_64 0.1.1 8.00 48.00 56.00 OK
r-patched-linux-x86_64 0.1.1 3.25 23.69 26.94 NOTE
r-release-linux-x86_64 0.1.1 2.95 23.92 26.87 NOTE
r-release-macos-arm64 0.1.1 22.00 NOTE
r-release-macos-x86_64 0.1.1 30.00 NOTE
r-release-windows-x86_64 0.1.1 5.00 49.00 54.00 NOTE
r-oldrel-macos-arm64 0.1.1 26.00 NOTE
r-oldrel-macos-x86_64 0.1.1 33.00 NOTE
r-oldrel-windows-x86_64 0.1.1 5.00 50.00 55.00 NOTE

Check Details

Version: 0.1.1
Check: package dependencies
Result: NOTE Packages suggested but not available for checking: 'MuSiC', 'seAMLessData' Flavors: r-patched-linux-x86_64, r-release-linux-x86_64, r-release-macos-arm64, r-release-macos-x86_64, r-release-windows-x86_64, r-oldrel-macos-arm64, r-oldrel-macos-x86_64, r-oldrel-windows-x86_64