Last updated on 2024-03-27 20:50:10 CET.
Flavor | Version | Tinstall | Tcheck | Ttotal | Status | Flags |
---|---|---|---|---|---|---|
r-devel-linux-x86_64-debian-clang | 0.4.0 | 3.94 | 44.12 | 48.06 | NOTE | |
r-devel-linux-x86_64-debian-gcc | 0.4.0 | 3.67 | 34.26 | 37.93 | NOTE | |
r-devel-linux-x86_64-fedora-clang | 0.4.0 | 60.81 | NOTE | |||
r-devel-linux-x86_64-fedora-gcc | 0.4.0 | 71.25 | NOTE | |||
r-devel-windows-x86_64 | 0.4.0 | 6.00 | 64.00 | 70.00 | NOTE | |
r-patched-linux-x86_64 | 0.4.0 | 3.81 | 42.44 | 46.25 | NOTE | |
r-release-linux-x86_64 | 0.4.0 | 4.30 | 41.51 | 45.81 | NOTE | |
r-release-macos-arm64 | 0.4.0 | 30.00 | NOTE | |||
r-release-macos-x86_64 | 0.4.0 | 46.00 | NOTE | |||
r-release-windows-x86_64 | 0.4.0 | 6.00 | 65.00 | 71.00 | NOTE | |
r-oldrel-macos-arm64 | 0.4.0 | 23.00 | NOTE | |||
r-oldrel-windows-x86_64 | 0.4.0 | 8.00 | 59.00 | 67.00 | NOTE |
Version: 0.4.0
Check: Rd \usage sections
Result: NOTE
Documented arguments not in \usage in Rd file 'parse_search_analytics.Rd':
‘pn’
Functions with \usage entries need to have the appropriate \alias
entries, and all their arguments documented.
The \usage entries must correspond to syntactically valid R code.
See chapter ‘Writing R documentation files’ in the ‘Writing R
Extensions’ manual.
Flavors: r-devel-linux-x86_64-debian-clang, r-devel-linux-x86_64-debian-gcc, r-devel-linux-x86_64-fedora-clang, r-devel-linux-x86_64-fedora-gcc, r-devel-windows-x86_64
Version: 0.4.0
Check: LazyData
Result: NOTE
'LazyData' is specified without a 'data' directory
Flavors: r-devel-linux-x86_64-debian-clang, r-devel-linux-x86_64-debian-gcc, r-devel-linux-x86_64-fedora-clang, r-devel-linux-x86_64-fedora-gcc, r-devel-windows-x86_64, r-patched-linux-x86_64, r-release-linux-x86_64, r-release-macos-arm64, r-release-macos-x86_64, r-release-windows-x86_64, r-oldrel-macos-arm64, r-oldrel-windows-x86_64