CRAN Package Check Results for Package seedCCA

Last updated on 2025-01-19 05:49:20 CET.

Flavor Version Tinstall Tcheck Ttotal Status Flags
r-devel-linux-x86_64-debian-clang 3.1 11.01 81.59 92.60 NOTE
r-devel-linux-x86_64-debian-gcc 3.1 7.44 62.57 70.01 NOTE
r-devel-linux-x86_64-fedora-clang 3.1 149.98 NOTE
r-devel-linux-x86_64-fedora-gcc 3.1 143.30 NOTE
r-devel-windows-x86_64 3.1 11.00 92.00 103.00 NOTE
r-patched-linux-x86_64 3.1 10.95 77.35 88.30 NOTE
r-release-linux-x86_64 3.1 9.46 76.92 86.38 NOTE
r-release-macos-arm64 3.1 39.00 NOTE
r-release-macos-x86_64 3.1 62.00 NOTE
r-release-windows-x86_64 3.1 11.00 102.00 113.00 NOTE
r-oldrel-macos-arm64 3.1 52.00 OK
r-oldrel-macos-x86_64 3.1 83.00 OK
r-oldrel-windows-x86_64 3.1 14.00 100.00 114.00 OK

Check Details

Version: 3.1
Check: Rd files
Result: NOTE checkRd: (-1) seedCCA.Rd:17: Lost braces; missing escapes or markup? 17 | \item{u}{numeric, maximum number of projections. The default is 10. This is used for \code{type="seed1"}, \code{type="seed2"} and {tyepe="pls"}.} | ^ Flavors: r-devel-linux-x86_64-debian-clang, r-devel-linux-x86_64-debian-gcc, r-devel-linux-x86_64-fedora-clang, r-devel-linux-x86_64-fedora-gcc, r-devel-windows-x86_64, r-patched-linux-x86_64, r-release-linux-x86_64, r-release-macos-arm64, r-release-macos-x86_64, r-release-windows-x86_64