Last updated on 2025-01-19 05:49:20 CET.
Flavor | Version | Tinstall | Tcheck | Ttotal | Status | Flags |
---|---|---|---|---|---|---|
r-devel-linux-x86_64-debian-clang | 1.4.2 | 70.37 | 667.22 | 737.59 | OK | |
r-devel-linux-x86_64-debian-gcc | 1.4.2 | 57.14 | 317.95 | 375.09 | OK | |
r-devel-linux-x86_64-fedora-clang | 1.4.2 | 843.29 | OK | |||
r-devel-linux-x86_64-fedora-gcc | 1.4.2 | 870.33 | OK | |||
r-devel-windows-x86_64 | 1.4.2 | 77.00 | 543.00 | 620.00 | OK | |
r-patched-linux-x86_64 | 1.4.2 | 73.99 | 442.66 | 516.65 | OK | |
r-release-linux-x86_64 | 1.4.2 | 75.80 | 452.76 | 528.56 | OK | |
r-release-macos-arm64 | 1.4.2 | 273.00 | NOTE | |||
r-release-macos-x86_64 | 1.4.2 | 498.00 | NOTE | |||
r-release-windows-x86_64 | 1.4.2 | 78.00 | 538.00 | 616.00 | OK | |
r-oldrel-macos-arm64 | 1.4.2 | 266.00 | NOTE | |||
r-oldrel-macos-x86_64 | 1.4.2 | 509.00 | NOTE | |||
r-oldrel-windows-x86_64 | 1.4.2 | 92.00 | 770.00 | 862.00 | OK |
Version: 1.4.2
Check: installed package size
Result: NOTE
installed size is 11.0Mb
sub-directories of 1Mb or more:
data 2.9Mb
libs 7.9Mb
Flavors: r-release-macos-arm64, r-release-macos-x86_64, r-oldrel-macos-arm64, r-oldrel-macos-x86_64