CRAN Package Check Results for Package seer

Last updated on 2021-03-06 12:47:15 CET.

Flavor Version Tinstall Tcheck Ttotal Status Flags
r-devel-linux-x86_64-debian-clang 1.1.5 9.90 107.06 116.96 OK
r-devel-linux-x86_64-debian-gcc 1.1.5 7.13 77.50 84.63 OK
r-devel-linux-x86_64-fedora-clang 1.1.5 145.62 NOTE
r-devel-linux-x86_64-fedora-gcc 1.1.5 135.66 NOTE
r-devel-windows-ix86+x86_64 1.1.5 21.00 118.00 139.00 OK
r-patched-linux-x86_64 1.1.5 OK
r-patched-solaris-x86 1.1.5 193.90 NOTE
r-release-linux-x86_64 1.1.5 9.10 102.74 111.84 OK
r-release-macos-x86_64 1.1.5 NOTE
r-release-windows-ix86+x86_64 1.1.5 15.00 99.00 114.00 OK
r-oldrel-macos-x86_64 1.1.5 NOTE
r-oldrel-windows-ix86+x86_64 1.1.5 13.00 96.00 109.00 OK

Check Details

Version: 1.1.5
Check: dependencies in R code
Result: NOTE
    Namespace in Imports field not imported from: ‘MASS’
     All declared Imports should be used.
Flavors: r-devel-linux-x86_64-fedora-clang, r-devel-linux-x86_64-fedora-gcc, r-patched-solaris-x86, r-release-macos-x86_64, r-oldrel-macos-x86_64